CRAN Package Check Results for Package matrixprofiler

Last updated on 2021-06-22 22:56:40 CEST.

Flavor Version Tinstall Tcheck Ttotal Status Flags
r-devel-linux-x86_64-debian-clang 0.1.5 121.06 37.90 158.96 NOTE
r-devel-linux-x86_64-debian-gcc 0.1.5 88.93 30.26 119.19 NOTE
r-devel-linux-x86_64-fedora-clang 0.1.5 232.96 NOTE
r-devel-linux-x86_64-fedora-gcc 0.1.5 213.78 NOTE
r-devel-windows-x86_64 0.1.5 143.00 55.00 198.00 NOTE
r-devel-windows-x86_64-gcc10-UCRT 0.1.5 NOTE
r-patched-linux-x86_64 0.1.5 103.07 37.75 140.82 NOTE
r-patched-solaris-x86 0.1.5 190.40 NOTE
r-release-linux-x86_64 0.1.5 99.59 37.76 137.35 NOTE
r-release-macos-arm64 0.1.5 NOTE
r-release-macos-x86_64 0.1.5 NOTE
r-release-windows-ix86+x86_64 0.1.5 286.00 68.00 354.00 NOTE
r-oldrel-macos-x86_64 0.1.5 NOTE

Check Details

Version: 0.1.5
Check: for GNU extensions in Makefiles
Result: NOTE
    GNU make is a SystemRequirements.
Flavors: r-devel-linux-x86_64-debian-clang, r-devel-linux-x86_64-debian-gcc, r-devel-linux-x86_64-fedora-clang, r-devel-linux-x86_64-fedora-gcc, r-devel-windows-x86_64, r-devel-windows-x86_64-gcc10-UCRT, r-patched-linux-x86_64, r-patched-solaris-x86, r-release-linux-x86_64, r-release-macos-arm64, r-release-macos-x86_64, r-release-windows-ix86+x86_64, r-oldrel-macos-x86_64