CRAN Package Check Results for Package maxLik

Last updated on 2022-07-05 22:50:26 CEST.

Flavor Version Tinstall Tcheck Ttotal Status Flags
r-devel-linux-x86_64-debian-clang 1.5-2 6.57 129.06 135.63 NOTE
r-devel-linux-x86_64-debian-gcc 1.5-2 6.70 93.98 100.68 NOTE
r-devel-linux-x86_64-fedora-clang 1.5-2 172.47 NOTE
r-devel-linux-x86_64-fedora-gcc 1.5-2 174.84 NOTE
r-devel-windows-x86_64 1.5-2 37.00 0.00 37.00 FAIL
r-patched-linux-x86_64 1.5-2 10.64 122.67 133.31 OK
r-release-linux-x86_64 1.5-2 6.56 123.08 129.64 OK
r-release-macos-arm64 1.5-2 58.00 OK
r-release-macos-x86_64 1.5-2 87.00 OK
r-release-windows-x86_64 1.5-2 53.00 0.00 53.00 FAIL
r-oldrel-macos-arm64 1.5-2 61.00 OK
r-oldrel-macos-x86_64 1.5-2 84.00 OK
r-oldrel-windows-ix86+x86_64 1.5-2 18.00 164.00 182.00 OK

Check Details

Version: 1.5-2
Check: Rd files
Result: NOTE
    checkRd: (-1) maxControl.Rd:83: Escaped LaTeX specials: \&
Flavors: r-devel-linux-x86_64-debian-clang, r-devel-linux-x86_64-debian-gcc, r-devel-linux-x86_64-fedora-clang, r-devel-linux-x86_64-fedora-gcc, r-devel-windows-x86_64

Version: 1.5-2
Check: re-building of vignette outputs
Result: FAIL
    Check process probably crashed or hung up for 20 minutes ... killed
    Most likely this happened in the example checks (?),
    if not, ignore the following last lines of example output:
    gradient close to zero (gradtol)
    5 iterations
    estimate: 1.940473
    Function value: -33.70681
    > vcov(a)
     [,1]
    [1,] 0.03764041
    > ## Estimate with analytic gradient and hessian
    > a <- maxLik(loglik, gradlik, hesslik, start=1)
    > vcov(a)
     [,1]
    [1,] 0.03765436
    >
    >
    >
    > ### * <FOOTER>
    > ###
    > cleanEx()
    > options(digits = 7L)
    > base::cat("Time elapsed: ", proc.time() - base::get("ptime", pos = 'CheckExEnv'),"\n")
    Time elapsed: 6.01 0.14 6.14 NA NA
    > grDevices::dev.off()
    null device
     1
    > ###
    > ### Local variables: ***
    > ### mode: outline-minor ***
    > ### outline-regexp: "\\(> \\)?### [*]+" ***
    > ### End: ***
    > quit('no')
    ======== End of example output (where/before crash/hang up occured ?) ========
Flavor: r-devel-windows-x86_64

Version: 1.5-2
Check: re-building of vignette outputs
Result: FAIL
    Check process probably crashed or hung up for 20 minutes ... killed
    Most likely this happened in the example checks (?),
    if not, ignore the following last lines of example output:
    gradient close to zero (gradtol)
    5 iterations
    estimate: 1.940473
    Function value: -33.70681
    > vcov(a)
     [,1]
    [1,] 0.03764041
    > ## Estimate with analytic gradient and hessian
    > a <- maxLik(loglik, gradlik, hesslik, start=1)
    > vcov(a)
     [,1]
    [1,] 0.03765436
    >
    >
    >
    > ### * <FOOTER>
    > ###
    > cleanEx()
    > options(digits = 7L)
    > base::cat("Time elapsed: ", proc.time() - base::get("ptime", pos = 'CheckExEnv'),"\n")
    Time elapsed: 6.19 0.15 6.33 NA NA
    > grDevices::dev.off()
    null device
     1
    > ###
    > ### Local variables: ***
    > ### mode: outline-minor ***
    > ### outline-regexp: "\\(> \\)?### [*]+" ***
    > ### End: ***
    > quit('no')
    ======== End of example output (where/before crash/hang up occured ?) ========
Flavor: r-release-windows-x86_64