CRAN Package Check Results for Package mcMST

Last updated on 2021-12-03 22:57:45 CET.

Flavor Version Tinstall Tcheck Ttotal Status Flags
r-devel-linux-x86_64-debian-clang 1.0.1 13.33 137.17 150.50 NOTE
r-devel-linux-x86_64-debian-gcc 1.0.1 11.04 105.62 116.66 NOTE
r-devel-linux-x86_64-fedora-clang 1.0.1 193.73 NOTE
r-devel-linux-x86_64-fedora-gcc 1.0.1 178.49 NOTE
r-devel-windows-x86_64-new-UL 1.0.1 24.00 192.00 216.00 NOTE
r-devel-windows-x86_64-new-TK 1.0.1 NOTE
r-devel-windows-x86_64-old 1.0.1 21.00 113.00 134.00 NOTE
r-patched-linux-x86_64 1.0.1 14.25 136.05 150.30 NOTE
r-release-linux-x86_64 1.0.1 12.83 134.17 147.00 NOTE
r-release-macos-arm64 1.0.1 NOTE
r-release-macos-x86_64 1.0.1 NOTE
r-release-windows-ix86+x86_64 1.0.1 30.00 161.00 191.00 NOTE
r-oldrel-macos-x86_64 1.0.1 NOTE
r-oldrel-windows-ix86+x86_64 1.0.1 32.00 158.00 190.00 OK

Check Details

Version: 1.0.1
Check: LazyData
Result: NOTE
     'LazyData' is specified without a 'data' directory
Flavors: r-devel-linux-x86_64-debian-clang, r-devel-linux-x86_64-debian-gcc, r-devel-linux-x86_64-fedora-clang, r-devel-linux-x86_64-fedora-gcc, r-devel-windows-x86_64-new-UL, r-devel-windows-x86_64-new-TK, r-devel-windows-x86_64-old, r-patched-linux-x86_64, r-release-linux-x86_64, r-release-macos-arm64, r-release-macos-x86_64, r-release-windows-ix86+x86_64

Version: 1.0.1
Check: dependencies in R code
Result: NOTE
    Namespaces in Imports field not imported from:
     ‘parallelMap’ ‘reshape2’
     All declared Imports should be used.
Flavors: r-devel-linux-x86_64-fedora-clang, r-devel-linux-x86_64-fedora-gcc, r-devel-windows-x86_64-new-TK, r-release-macos-arm64, r-release-macos-x86_64, r-oldrel-macos-x86_64