CRAN Package Check Results for Package mcca

Last updated on 2021-11-28 22:51:19 CET.

Flavor Version Tinstall Tcheck Ttotal Status Flags
r-devel-linux-x86_64-debian-clang 0.7.0 NOTE
r-devel-linux-x86_64-debian-gcc 0.7.0 12.37 102.68 115.05 NOTE
r-devel-linux-x86_64-fedora-clang 0.7.0 184.45 NOTE
r-devel-linux-x86_64-fedora-gcc 0.7.0 168.61 NOTE
r-devel-windows-x86_64-new-UL 0.7.0 28.00 170.00 198.00 NOTE
r-devel-windows-x86_64-new-TK 0.7.0 NOTE
r-devel-windows-x86_64-old 0.7.0 21.00 135.00 156.00 NOTE
r-patched-linux-x86_64 0.7.0 12.97 123.03 136.00 NOTE
r-patched-solaris-x86 0.7.0 238.50 NOTE
r-release-linux-x86_64 0.7.0 14.33 126.84 141.17 NOTE
r-release-macos-arm64 0.7.0 NOTE
r-release-macos-x86_64 0.7.0 NOTE
r-release-windows-ix86+x86_64 0.7.0 37.00 162.00 199.00 NOTE
r-oldrel-macos-x86_64 0.7.0 OK
r-oldrel-windows-ix86+x86_64 0.7.0 38.00 157.00 195.00 OK

Check Details

Version: 0.7.0
Check: LazyData
Result: NOTE
     'LazyData' is specified without a 'data' directory
Flavors: r-devel-linux-x86_64-debian-clang, r-devel-linux-x86_64-debian-gcc, r-devel-linux-x86_64-fedora-clang, r-devel-linux-x86_64-fedora-gcc, r-devel-windows-x86_64-new-UL, r-devel-windows-x86_64-new-TK, r-devel-windows-x86_64-old, r-patched-linux-x86_64, r-patched-solaris-x86, r-release-linux-x86_64, r-release-macos-arm64, r-release-macos-x86_64, r-release-windows-ix86+x86_64