CRAN Package Check Results for Package mccr

Last updated on 2023-09-23 23:00:50 CEST.

Flavor Version Tinstall Tcheck Ttotal Status Flags
r-devel-linux-x86_64-debian-clang 0.4.4 1.89 21.33 23.22 NOTE
r-devel-linux-x86_64-debian-gcc 0.4.4 1.56 16.74 18.30 NOTE
r-devel-linux-x86_64-fedora-clang 0.4.4 28.67 NOTE
r-devel-linux-x86_64-fedora-gcc 0.4.4 28.10 NOTE
r-devel-windows-x86_64 0.4.4 3.00 39.00 42.00 NOTE
r-patched-linux-x86_64 0.4.4 1.56 20.51 22.07 NOTE
r-release-linux-x86_64 0.4.4 2.07 21.03 23.10 NOTE
r-release-macos-arm64 0.4.4 16.00 NOTE
r-release-macos-x86_64 0.4.4 21.00 NOTE
r-release-windows-x86_64 0.4.4 3.00 36.00 39.00 NOTE
r-oldrel-macos-arm64 0.4.4 17.00 NOTE
r-oldrel-macos-x86_64 0.4.4 20.00 NOTE
r-oldrel-windows-x86_64 0.4.4 4.00 41.00 45.00 NOTE

Check Details

Version: 0.4.4
Check: LazyData
Result: NOTE
     'LazyData' is specified without a 'data' directory
Flavors: r-devel-linux-x86_64-debian-clang, r-devel-linux-x86_64-debian-gcc, r-devel-linux-x86_64-fedora-clang, r-devel-linux-x86_64-fedora-gcc, r-devel-windows-x86_64, r-patched-linux-x86_64, r-release-linux-x86_64, r-release-macos-arm64, r-release-macos-x86_64, r-release-windows-x86_64, r-oldrel-macos-arm64, r-oldrel-macos-x86_64, r-oldrel-windows-x86_64