Last updated on 2023-10-02 22:08:04 CEST.
Flavor | Version | Tinstall | Tcheck | Ttotal | Status | Flags |
---|---|---|---|---|---|---|
r-devel-linux-x86_64-debian-clang | 0.7.2 | 52.78 | 203.27 | 256.05 | NOTE | |
r-devel-linux-x86_64-debian-gcc | 0.7.2 | 34.49 | 141.17 | 175.66 | NOTE | |
r-devel-linux-x86_64-fedora-clang | 0.7.2 | 339.53 | NOTE | |||
r-devel-linux-x86_64-fedora-gcc | 0.7.2 | 324.15 | NOTE | |||
r-devel-windows-x86_64 | 0.7.2 | 40.00 | 216.00 | 256.00 | NOTE | |
r-patched-linux-x86_64 | 0.7.2 | 50.33 | 191.52 | 241.85 | NOTE | |
r-release-linux-x86_64 | 0.7.2 | 45.14 | 194.79 | 239.93 | NOTE | |
r-release-macos-arm64 | 0.7.2 | 165.00 | NOTE | |||
r-release-macos-x86_64 | 0.7.2 | 158.00 | NOTE | |||
r-release-windows-x86_64 | 0.7.2 | 50.00 | 245.00 | 295.00 | NOTE | |
r-oldrel-macos-arm64 | 0.7.2 | 154.00 | OK | |||
r-oldrel-macos-x86_64 | 0.7.2 | 114.00 | OK | |||
r-oldrel-windows-x86_64 | 0.7.2 | 48.00 | 253.00 | 301.00 | OK |
Version: 0.7.2
Check: C++ specification
Result: NOTE
Specified C++14: please drop specification unless essential
Flavors: r-devel-linux-x86_64-debian-clang, r-devel-linux-x86_64-debian-gcc, r-devel-linux-x86_64-fedora-clang, r-devel-linux-x86_64-fedora-gcc, r-devel-windows-x86_64, r-patched-linux-x86_64, r-release-linux-x86_64, r-release-macos-arm64, r-release-macos-x86_64, r-release-windows-x86_64