CRAN Package Check Results for Package mcmcplots

Last updated on 2021-05-17 22:56:30 CEST.

Flavor Version Tinstall Tcheck Ttotal Status Flags
r-devel-linux-x86_64-debian-clang 0.4.3 3.28 44.46 47.74 NOTE
r-devel-linux-x86_64-debian-gcc 0.4.3 2.73 34.27 37.00 NOTE
r-devel-linux-x86_64-fedora-clang 0.4.3 66.19 NOTE
r-devel-linux-x86_64-fedora-gcc 0.4.3 55.60 NOTE
r-devel-windows-ix86+x86_64 0.4.3 8.00 59.00 67.00 NOTE
r-devel-windows-x86_64-gcc10-UCRT 0.4.3 NOTE
r-patched-linux-x86_64 0.4.3 5.19 42.38 47.57 NOTE
r-patched-solaris-x86 0.4.3 76.80 NOTE
r-release-linux-x86_64 0.4.3 3.50 42.60 46.10 OK
r-release-macos-x86_64 0.4.3 OK
r-release-windows-ix86+x86_64 0.4.3 6.00 46.00 52.00 OK
r-oldrel-macos-x86_64 0.4.3 OK
r-oldrel-windows-ix86+x86_64 0.4.3 6.00 61.00 67.00 OK

Check Details

Version: 0.4.3
Check: LazyData
Result: NOTE
     'LazyData' is specified without a 'data' directory
Flavors: r-devel-linux-x86_64-debian-clang, r-devel-linux-x86_64-debian-gcc, r-devel-linux-x86_64-fedora-clang, r-devel-linux-x86_64-fedora-gcc, r-devel-windows-ix86+x86_64, r-devel-windows-x86_64-gcc10-UCRT, r-patched-linux-x86_64, r-patched-solaris-x86