CRAN Package Check Results for Package mcp

Last updated on 2022-07-03 22:50:38 CEST.

Flavor Version Tinstall Tcheck Ttotal Status Flags
r-devel-linux-x86_64-debian-clang 0.3.2 11.92 411.55 423.47 OK
r-devel-linux-x86_64-debian-gcc 0.3.2 9.68 302.57 312.25 OK
r-devel-linux-x86_64-fedora-clang 0.3.2 487.58 OK
r-devel-linux-x86_64-fedora-gcc 0.3.2 486.98 OK
r-devel-windows-x86_64 0.3.2 34.00 415.00 449.00 OK
r-patched-linux-x86_64 0.3.2 10.98 375.07 386.05 OK
r-release-linux-x86_64 0.3.2 7.43 375.31 382.74 OK
r-release-macos-arm64 0.3.2 156.00 OK
r-release-macos-x86_64 0.3.2 179.00 OK
r-release-windows-x86_64 0.3.2 34.00 436.00 470.00 OK
r-oldrel-macos-arm64 0.3.2 95.00 OK
r-oldrel-macos-x86_64 0.3.2 162.00 OK
r-oldrel-windows-ix86+x86_64 0.3.2 28.00 8.00 36.00 ERROR

Check Details

Version: 0.3.2
Check: whether package can be installed
Result: ERROR
    Installation failed.
Flavor: r-oldrel-windows-ix86+x86_64