CRAN Package Check Results for Package mdendro

Last updated on 2021-10-20 23:50:15 CEST.

Flavor Version Tinstall Tcheck Ttotal Status Flags
r-devel-linux-x86_64-debian-clang 2.1.0 26.36 49.56 75.92 OK
r-devel-linux-x86_64-debian-gcc 2.1.0 19.34 38.17 57.51 OK
r-devel-linux-x86_64-fedora-clang 2.1.0 124.64 OK
r-devel-linux-x86_64-fedora-gcc 2.1.0 97.72 OK
r-devel-windows-x86_64 2.1.0 42.00 87.00 129.00 OK
r-devel-windows-x86_64-gcc10-UCRT 2.1.0 OK
r-patched-linux-x86_64 2.1.0 24.77 46.88 71.65 OK
r-patched-solaris-x86 2.1.0 258.10 ERROR
r-release-linux-x86_64 2.1.0 23.00 47.13 70.13 OK
r-release-macos-arm64 2.1.0 OK
r-release-macos-x86_64 2.1.0 OK
r-release-windows-ix86+x86_64 2.1.0 60.00 93.00 153.00 OK
r-oldrel-macos-x86_64 2.1.0 OK
r-oldrel-windows-ix86+x86_64 2.1.0 78.00 98.00 176.00 OK

Check Details

Version: 2.1.0
Check: examples
Result: ERROR
    Running examples in ‘mdendro-Ex.R’ failed
    The error most likely occurred in:
    
    > ### Name: linkage
    > ### Title: Extended Agglomerative Hierarchical Clustering
    > ### Aliases: linkage descplot
    > ### Keywords: cluster
    >
    > ### ** Examples
    >
    > ## Plot and summary of unweighted arithmetic linkage (UPGMA) dendrogram
    > lnk1 <- linkage(UScitiesD)
    > plot(lnk1)
    > summary(lnk1)
    Call:
    linkage(prox = UScitiesD,
     type.prox = "distance",
     digits = 0,
     method = "arithmetic",
     weighted = FALSE,
     group = "variable")
    
    Binary dendrogram: TRUE
    
    Descriptive measures:
     cor sdr ac cc tb
    0.8101937 0.6998814 0.7059747 0.3055556 0.9316262
    >
    > ## Linkage of similarity data (non-negative correlations)
    > sim <- as.dist(cor(EuStockMarkets))
    > lnk2 <- linkage(sim, type.prox = "similarity")
    Error in rcppLinkage(prox = as.numeric(prox), isDistance = as.logical(type.prox == :
     std::bad_alloc
    Calls: linkage -> rcppLinkage
    Execution halted
Flavor: r-patched-solaris-x86