Last updated on 2019-12-11 22:51:13 CET.
Flavor | Version | Tinstall | Tcheck | Ttotal | Status | Flags |
---|---|---|---|---|---|---|
r-devel-linux-x86_64-debian-clang | 0.4-3 | 17.56 | 186.04 | 203.60 | OK | |
r-devel-linux-x86_64-debian-gcc | 0.4-3 | 16.11 | 146.32 | 162.43 | OK | |
r-devel-linux-x86_64-fedora-clang | 0.4-3 | 229.55 | OK | |||
r-devel-linux-x86_64-fedora-gcc | 0.4-3 | 226.52 | OK | |||
r-devel-windows-ix86+x86_64 | 0.4-3 | 63.00 | 303.00 | 366.00 | OK | |
r-devel-windows-ix86+x86_64-gcc8 | 0.4-3 | 101.00 | 224.00 | 325.00 | OK | |
r-patched-linux-x86_64 | 0.4-3 | 14.76 | 166.91 | 181.67 | OK | |
r-patched-solaris-x86 | 0.4-3 | 359.30 | OK | |||
r-release-linux-x86_64 | 0.4-3 | 16.59 | 166.56 | 183.15 | OK | |
r-release-windows-ix86+x86_64 | 0.4-3 | 46.00 | 188.00 | 234.00 | OK | |
r-release-osx-x86_64 | 0.4-3 | WARN | ||||
r-oldrel-windows-ix86+x86_64 | 0.4-1 | 14.00 | 6.00 | 20.00 | ERROR | |
r-oldrel-osx-x86_64 | 0.4-3 | ERROR |
Version: 0.4-3
Check: whether package can be installed
Result: WARN
Found the following significant warnings:
Warning: 'rgl_init' failed, running with rgl.useNULL = TRUE
Flavor: r-release-osx-x86_64
Version: 0.4-3
Check: dependencies in R code
Result: NOTE
No protocol specified
Flavor: r-release-osx-x86_64
Version: 0.4-3
Check: S3 generic/method consistency
Result: WARN
No protocol specified
See section ‘Generic functions and methods’ in the ‘Writing R
Extensions’ manual.
Flavor: r-release-osx-x86_64
Version: 0.4-3
Check: replacement functions
Result: WARN
No protocol specified
The argument of a replacement function which corresponds to the right
hand side must be named ‘value’.
Flavor: r-release-osx-x86_64
Version: 0.4-3
Check: foreign function calls
Result: NOTE
No protocol specified
See chapter ‘System and foreign language interfaces’ in the ‘Writing R
Extensions’ manual.
Flavor: r-release-osx-x86_64
Version: 0.4-3
Check: R code for possible problems
Result: NOTE
No protocol specified
Flavor: r-release-osx-x86_64
Version: 0.4-3
Check: for missing documentation entries
Result: WARN
No protocol specified
All user-level objects in a package should have documentation entries.
See chapter ‘Writing R documentation files’ in the ‘Writing R
Extensions’ manual.
Flavor: r-release-osx-x86_64
Version: 0.4-3
Check: for code/documentation mismatches
Result: WARN
No protocol specified
No protocol specified
No protocol specified
Flavor: r-release-osx-x86_64
Version: 0.4-3
Check: Rd \usage sections
Result: NOTE
No protocol specified
The \usage entries for S3 methods should use the \method markup and not
their full name.
See chapter ‘Writing R documentation files’ in the ‘Writing R
Extensions’ manual.
Flavor: r-release-osx-x86_64
Version: 0.4-1
Check: whether package can be installed
Result: ERROR
Installation failed.
Flavor: r-oldrel-windows-ix86+x86_64
Version: 0.4-3
Check: whether package can be installed
Result: ERROR
Installation failed.
Flavor: r-oldrel-osx-x86_64