Last updated on 2023-09-28 23:08:50 CEST.
Flavor | Version | Tinstall | Tcheck | Ttotal | Status | Flags |
---|---|---|---|---|---|---|
r-devel-linux-x86_64-debian-clang | 0.3.0 | 22.60 | 134.81 | 157.41 | OK | |
r-devel-linux-x86_64-debian-gcc | 0.3.0 | 18.41 | 98.99 | 117.40 | OK | |
r-devel-linux-x86_64-fedora-clang | 0.3.0 | 185.92 | OK | |||
r-devel-linux-x86_64-fedora-gcc | 0.3.0 | 184.48 | OK | |||
r-devel-windows-x86_64 | 0.3.0 | 21.00 | 110.00 | 131.00 | OK | |
r-patched-linux-x86_64 | 0.3.0 | 27.71 | 128.63 | 156.34 | OK | |
r-release-linux-x86_64 | 0.3.0 | 17.29 | 126.35 | 143.64 | OK | |
r-release-macos-arm64 | 0.3.0 | 48.00 | NOTE | |||
r-release-macos-x86_64 | 0.3.0 | 94.00 | NOTE | |||
r-release-windows-x86_64 | 0.3.0 | 28.00 | 131.00 | 159.00 | OK | |
r-oldrel-macos-arm64 | 0.3.0 | 51.00 | OK | |||
r-oldrel-macos-x86_64 | 0.3.0 | 84.00 | OK | |||
r-oldrel-windows-x86_64 | 0.3.0 | 28.00 | 137.00 | 165.00 | OK |
Version: 0.3.0
Check: package dependencies
Result: NOTE
Package suggested but not available for checking: ‘file2meco’
Flavors: r-release-macos-arm64, r-release-macos-x86_64