Last updated on 2024-04-19 22:55:52 CEST.
Flavor | Version | Tinstall | Tcheck | Ttotal | Status | Flags |
---|---|---|---|---|---|---|
r-devel-linux-x86_64-debian-clang | 3.2.0 | 515.31 | 303.33 | 818.64 | OK | |
r-devel-linux-x86_64-debian-gcc | 3.2.0 | OK | ||||
r-devel-linux-x86_64-fedora-clang | 3.2.0 | 965.32 | NOTE | |||
r-devel-linux-x86_64-fedora-gcc | 3.2.0 | 1125.55 | OK | |||
r-prerel-macos-arm64 | 3.2.0 | 210.00 | NOTE | |||
r-prerel-windows-x86_64 | 3.2.0 | 335.00 | 262.00 | 597.00 | OK | |
r-patched-linux-x86_64 | 3.2.0 | 358.68 | 286.66 | 645.34 | OK | |
r-release-linux-x86_64 | 3.2.0 | 386.98 | 286.41 | 673.39 | OK | |
r-release-macos-arm64 | 3.2.0 | 202.00 | NOTE | |||
r-release-macos-x86_64 | 3.2.0 | 332.00 | NOTE | |||
r-release-windows-x86_64 | 3.2.0 | 432.00 | 340.00 | 772.00 | OK | |
r-oldrel-macos-arm64 | 3.2.0 | 196.00 | NOTE | |||
r-oldrel-windows-x86_64 | 3.2.0 | 356.00 | 315.00 | 671.00 | OK |
Version: 3.2.0
Check: installed package size
Result: NOTE
installed size is 5.1Mb
sub-directories of 1Mb or more:
libs 4.0Mb
Flavors: r-devel-linux-x86_64-fedora-clang, r-prerel-macos-arm64, r-release-macos-arm64, r-release-macos-x86_64, r-oldrel-macos-arm64