CRAN Package Check Results for Package medfate

Last updated on 2021-11-29 22:59:16 CET.

Flavor Version Tinstall Tcheck Ttotal Status Flags
r-devel-linux-x86_64-debian-clang 2.2.3 348.01 499.32 847.33 OK
r-devel-linux-x86_64-debian-gcc 2.2.3 266.19 370.68 636.87 OK
r-devel-linux-x86_64-fedora-clang 2.2.3 1156.66 NOTE
r-devel-linux-x86_64-fedora-gcc 2.2.3 1129.10 OK
r-devel-windows-x86_64-new-UL 2.2.3 432.00 652.00 1084.00 NOTE
r-devel-windows-x86_64-new-TK 2.2.3 OK
r-devel-windows-x86_64-old 2.2.3 419.00 411.00 830.00 NOTE
r-patched-linux-x86_64 2.2.3 320.39 544.10 864.49 OK
r-patched-solaris-x86 2.2.3 890.20 NOTE
r-release-linux-x86_64 2.2.3 254.29 542.68 796.97 OK
r-release-macos-arm64 2.2.3 NOTE
r-release-macos-x86_64 2.2.3 NOTE
r-release-windows-ix86+x86_64 2.2.3 801.00 593.00 1394.00 NOTE
r-oldrel-macos-x86_64 2.2.3 NOTE
r-oldrel-windows-ix86+x86_64 2.2.3 567.00 606.00 1173.00 NOTE

Check Details

Version: 2.2.3
Check: installed package size
Result: NOTE
     installed size is 30.0Mb
     sub-directories of 1Mb or more:
     doc 3.2Mb
     libs 25.8Mb
Flavors: r-devel-linux-x86_64-fedora-clang, r-devel-windows-x86_64-new-UL, r-devel-windows-x86_64-old, r-patched-solaris-x86, r-release-macos-arm64, r-release-macos-x86_64, r-release-windows-ix86+x86_64, r-oldrel-macos-x86_64, r-oldrel-windows-ix86+x86_64