CRAN Package Check Results for Package meditate

Last updated on 2022-01-27 23:01:08 CET.

Flavor Version Tinstall Tcheck Ttotal Status Flags
r-devel-linux-x86_64-debian-clang 0.1.3 13.19 36.98 50.17 NOTE
r-devel-linux-x86_64-debian-gcc 0.1.3 13.68 28.94 42.62 NOTE
r-devel-linux-x86_64-fedora-clang 0.1.3 64.66 NOTE
r-devel-linux-x86_64-fedora-gcc 0.1.3 54.52 NOTE
r-devel-windows-x86_64-new-UL 0.1.3 31.00 61.00 92.00 NOTE
r-devel-windows-x86_64-new-TK 0.1.3 NOTE
r-patched-linux-x86_64 0.1.3 13.79 35.41 49.20 NOTE
r-release-linux-x86_64 0.1.3 15.19 35.56 50.75 NOTE
r-release-macos-arm64 0.1.3 NOTE
r-release-macos-x86_64 0.1.3 NOTE
r-release-windows-ix86+x86_64 0.1.3 22.00 50.00 72.00 NOTE
r-oldrel-macos-x86_64 0.1.3 OK
r-oldrel-windows-ix86+x86_64 0.1.3 23.00 50.00 73.00 OK

Check Details

Version: 0.1.3
Check: LazyData
Result: NOTE
     'LazyData' is specified without a 'data' directory
     'LazyDataCompression' is specified without a 'data' directory
Flavors: r-devel-linux-x86_64-debian-clang, r-devel-linux-x86_64-debian-gcc, r-devel-linux-x86_64-fedora-clang, r-devel-linux-x86_64-fedora-gcc, r-devel-windows-x86_64-new-UL, r-devel-windows-x86_64-new-TK, r-patched-linux-x86_64, r-release-linux-x86_64, r-release-macos-arm64, r-release-macos-x86_64, r-release-windows-ix86+x86_64