CRAN Package Check Results for Package meerva

Last updated on 2021-11-28 22:51:19 CET.

Flavor Version Tinstall Tcheck Ttotal Status Flags
r-devel-linux-x86_64-debian-clang 0.2-2 OK
r-devel-linux-x86_64-debian-gcc 0.2-2 4.39 35.62 40.01 OK
r-devel-linux-x86_64-fedora-clang 0.2-2 74.98 NOTE
r-devel-linux-x86_64-fedora-gcc 0.2-2 62.33 NOTE
r-devel-windows-x86_64-new-UL 0.2-2 13.00 85.00 98.00 OK
r-devel-windows-x86_64-new-TK 0.2-2 NOTE
r-devel-windows-x86_64-old 0.2-2 9.00 71.00 80.00 OK
r-patched-linux-x86_64 0.2-2 5.17 44.52 49.69 OK
r-patched-solaris-x86 0.2-2 87.00 NOTE
r-release-linux-x86_64 0.2-2 5.59 44.56 50.15 OK
r-release-macos-arm64 0.2-2 NOTE
r-release-macos-x86_64 0.2-2 NOTE
r-release-windows-ix86+x86_64 0.2-2 12.00 45.00 57.00 OK
r-oldrel-macos-x86_64 0.2-2 NOTE
r-oldrel-windows-ix86+x86_64 0.2-2 11.00 66.00 77.00 OK

Check Details

Version: 0.2-2
Check: dependencies in R code
Result: NOTE
    Namespace in Imports field not imported from: ‘dplyr’
     All declared Imports should be used.
Flavors: r-devel-linux-x86_64-fedora-clang, r-devel-linux-x86_64-fedora-gcc, r-devel-windows-x86_64-new-TK, r-patched-solaris-x86, r-release-macos-arm64, r-release-macos-x86_64, r-oldrel-macos-x86_64