CRAN Package Check Results for Package meetupapi

Last updated on 2024-03-02 22:41:58 CET.

Flavor Version Tinstall Tcheck Ttotal Status Flags
r-devel-linux-x86_64-debian-clang 0.1.0 5.37 38.68 44.05 NOTE
r-devel-linux-x86_64-debian-gcc 0.1.0 3.01 29.67 32.68 NOTE
r-devel-linux-x86_64-fedora-clang 0.1.0 54.70 NOTE
r-devel-linux-x86_64-fedora-gcc 0.1.0 51.27 NOTE
r-devel-windows-x86_64 0.1.0 5.00 50.00 55.00 NOTE
r-patched-linux-x86_64 0.1.0 3.60 37.43 41.03 NOTE
r-release-linux-x86_64 0.1.0 3.96 38.14 42.10 NOTE
r-release-macos-arm64 0.1.0 23.00 NOTE
r-release-macos-x86_64 0.1.0 28.00 NOTE
r-release-windows-x86_64 0.1.0 7.00 54.00 61.00 NOTE
r-oldrel-macos-arm64 0.1.0 19.00 NOTE
r-oldrel-windows-x86_64 0.1.0 7.00 57.00 64.00 NOTE

Check Details

Version: 0.1.0
Check: LazyData
Result: NOTE 'LazyData' is specified without a 'data' directory Flavors: r-devel-linux-x86_64-debian-clang, r-devel-linux-x86_64-debian-gcc, r-devel-linux-x86_64-fedora-clang, r-devel-linux-x86_64-fedora-gcc, r-devel-windows-x86_64, r-patched-linux-x86_64, r-release-linux-x86_64, r-release-macos-arm64, r-release-macos-x86_64, r-release-windows-x86_64, r-oldrel-macos-arm64, r-oldrel-windows-x86_64