CRAN Package Check Results for Package mekko

Last updated on 2024-07-16 22:48:39 CEST.

Flavor Version Tinstall Tcheck Ttotal Status Flags
r-devel-linux-x86_64-debian-clang 0.1.0 2.23 34.59 36.82 NOTE
r-devel-linux-x86_64-debian-gcc 0.1.0 1.77 27.18 28.95 NOTE
r-devel-linux-x86_64-fedora-clang 0.1.0 49.14 NOTE
r-devel-linux-x86_64-fedora-gcc 0.1.0 62.01 NOTE
r-devel-windows-x86_64 0.1.0 3.00 53.00 56.00 NOTE
r-patched-linux-x86_64 0.1.0 1.42 33.80 35.22 NOTE
r-release-linux-x86_64 0.1.0 1.97 34.54 36.51 NOTE
r-release-macos-arm64 0.1.0 25.00 NOTE
r-release-macos-x86_64 0.1.0 38.00 NOTE
r-release-windows-x86_64 0.1.0 3.00 53.00 56.00 NOTE
r-oldrel-macos-arm64 0.1.0 25.00 NOTE
r-oldrel-macos-x86_64 0.1.0 35.00 NOTE
r-oldrel-windows-x86_64 0.1.0 3.00 54.00 57.00 NOTE

Check Details

Version: 0.1.0
Check: LazyData
Result: NOTE 'LazyData' is specified without a 'data' directory Flavors: r-devel-linux-x86_64-debian-clang, r-devel-linux-x86_64-debian-gcc, r-devel-linux-x86_64-fedora-clang, r-devel-linux-x86_64-fedora-gcc, r-devel-windows-x86_64, r-patched-linux-x86_64, r-release-linux-x86_64, r-release-macos-arm64, r-release-macos-x86_64, r-release-windows-x86_64, r-oldrel-macos-arm64, r-oldrel-macos-x86_64, r-oldrel-windows-x86_64