CRAN Package Check Results for Package meltr

Last updated on 2021-12-04 22:59:39 CET.

Flavor Version Tinstall Tcheck Ttotal Status Flags
r-devel-linux-x86_64-debian-clang 1.0.0 40.65 61.11 101.76 OK
r-devel-linux-x86_64-debian-gcc 1.0.0 31.41 42.38 73.79 OK
r-devel-linux-x86_64-fedora-clang 1.0.0 143.02 NOTE
r-devel-linux-x86_64-fedora-gcc 1.0.0 116.23 NOTE
r-devel-windows-x86_64-new-UL 1.0.0 68.00 110.00 178.00 OK
r-devel-windows-x86_64-new-TK 1.0.0 NOTE
r-devel-windows-x86_64-old 1.0.0 69.00 53.00 122.00 OK
r-patched-linux-x86_64 1.0.0 41.84 43.66 85.50 OK
r-release-linux-x86_64 1.0.0 37.66 44.06 81.72 OK
r-release-macos-arm64 1.0.0 NOTE
r-release-macos-x86_64 1.0.0 NOTE
r-release-windows-ix86+x86_64 1.0.0 124.00 103.00 227.00 OK
r-oldrel-macos-x86_64 1.0.0 NOTE
r-oldrel-windows-ix86+x86_64 1.0.0 127.00 111.00 238.00 OK

Check Details

Version: 1.0.0
Check: dependencies in R code
Result: NOTE
    Namespaces in Imports field not imported from:
     ‘R6’ ‘rlang’
     All declared Imports should be used.
Flavors: r-devel-linux-x86_64-fedora-clang, r-devel-linux-x86_64-fedora-gcc, r-devel-windows-x86_64-new-TK, r-release-macos-arm64, r-release-macos-x86_64, r-oldrel-macos-x86_64