CRAN Package Check Results for Package meme

Last updated on 2018-09-19 22:49:51 CEST.

Flavor Version Tinstall Tcheck Ttotal Status Flags
r-devel-linux-x86_64-debian-clang 0.2.0 2.74 68.36 71.10 WARN
r-devel-linux-x86_64-debian-gcc 0.2.0 2.48 56.50 58.98 WARN
r-devel-linux-x86_64-fedora-clang 0.2.0 101.17 NOTE
r-devel-linux-x86_64-fedora-gcc 0.2.0 91.93 OK
r-devel-windows-ix86+x86_64 0.2.0 7.00 92.00 99.00 NOTE
r-patched-linux-x86_64 0.2.0 1.80 63.33 65.13 WARN
r-patched-solaris-x86 0.2.0 154.60 NOTE
r-release-linux-x86_64 0.2.0 2.73 63.09 65.82 WARN
r-release-windows-ix86+x86_64 0.2.0 9.00 110.00 119.00 NOTE
r-release-osx-x86_64 0.2.0 NOTE
r-oldrel-windows-ix86+x86_64 0.2.0 6.00 84.00 90.00 NOTE
r-oldrel-osx-x86_64 0.2.0 NOTE

Check Details

Version: 0.2.0
Check: re-building of vignette outputs
Result: WARN
    Error in re-building vignettes:
     ...
    Warning in restoreRecordedPlot(x, reloadPkgs) :
     snapshot recorded in different R version (pre 3.3.0)
    Warning in doTryCatch(return(expr), name, parentenv, handler) :
     snapshot recorded with different graphics engine version (pre 11 - this is version 12)
    Quitting from lines 184-185 (meme.Rmd)
    Error: processing vignette ‘meme.Rmd’ failed with diagnostics:
    invalid "recordedplot": Incompatible graphics state
    Execution halted
Flavors: r-devel-linux-x86_64-debian-clang, r-devel-linux-x86_64-debian-gcc

Version: 0.2.0
Check: installed package size
Result: NOTE
     installed size is 5.4Mb
     sub-directories of 1Mb or more:
     doc 4.9Mb
Flavors: r-devel-linux-x86_64-fedora-clang, r-devel-windows-ix86+x86_64, r-patched-solaris-x86, r-release-windows-ix86+x86_64, r-release-osx-x86_64, r-oldrel-windows-ix86+x86_64, r-oldrel-osx-x86_64

Version: 0.2.0
Check: re-building of vignette outputs
Result: WARN
    Error in re-building vignettes:
     ...
    Warning in restoreRecordedPlot(x, reloadPkgs) :
     snapshot recorded in different R version (pre 3.3.0)
    Warning in replayPlot(dlStub) :
     snapshot recorded with different graphics engine version (pre 11 - this is version 12)
    Quitting from lines 184-185 (meme.Rmd)
    Error: processing vignette ‘meme.Rmd’ failed with diagnostics:
    Incompatible graphics state
    Execution halted
Flavors: r-patched-linux-x86_64, r-release-linux-x86_64