CRAN Package Check Results for Package meme

Last updated on 2018-06-24 22:49:26 CEST.

Flavor Version Tinstall Tcheck Ttotal Status Flags
r-devel-linux-x86_64-debian-clang 0.2.0 2.60 63.07 65.67 WARN
r-devel-linux-x86_64-debian-gcc 0.2.0 2.42 50.86 53.28 WARN
r-devel-linux-x86_64-fedora-clang 0.2.0 89.17 NOTE
r-devel-linux-x86_64-fedora-gcc 0.2.0 84.52 OK
r-devel-windows-ix86+x86_64 0.2.0 8.00 86.00 94.00 NOTE
r-patched-linux-x86_64 0.2.0 2.73 59.31 62.04 WARN
r-patched-solaris-x86 0.2.0 152.40 NOTE
r-release-linux-x86_64 0.2.0 2.03 59.46 61.49 WARN
r-release-windows-ix86+x86_64 0.2.0 8.00 88.00 96.00 NOTE
r-release-osx-x86_64 0.2.0 NOTE
r-oldrel-windows-ix86+x86_64 0.2.0 10.00 96.00 106.00 NOTE
r-oldrel-osx-x86_64 0.2.0 NOTE

Check Details

Version: 0.2.0
Check: re-building of vignette outputs
Result: WARN
    Error in re-building vignettes:
     ...
    Warning in restoreRecordedPlot(x, reloadPkgs) :
     snapshot recorded in different R version (pre 3.3.0)
    Warning in doTryCatch(return(expr), name, parentenv, handler) :
     snapshot recorded with different graphics engine version (pre 11 - this is version 12)
    Quitting from lines 184-185 (meme.Rmd)
    Error: processing vignette ‘meme.Rmd’ failed with diagnostics:
    invalid "recordedplot": Incompatible graphics state
    Execution halted
Flavors: r-devel-linux-x86_64-debian-clang, r-devel-linux-x86_64-debian-gcc

Version: 0.2.0
Check: installed package size
Result: NOTE
     installed size is 5.4Mb
     sub-directories of 1Mb or more:
     doc 4.9Mb
Flavors: r-devel-linux-x86_64-fedora-clang, r-devel-windows-ix86+x86_64, r-patched-solaris-x86, r-release-windows-ix86+x86_64, r-release-osx-x86_64, r-oldrel-windows-ix86+x86_64, r-oldrel-osx-x86_64

Version: 0.2.0
Check: re-building of vignette outputs
Result: WARN
    Error in re-building vignettes:
     ...
    Warning in restoreRecordedPlot(x, reloadPkgs) :
     snapshot recorded in different R version (pre 3.3.0)
    Warning in replayPlot(dlStub) :
     snapshot recorded with different graphics engine version (pre 11 - this is version 12)
    Quitting from lines 184-185 (meme.Rmd)
    Error: processing vignette ‘meme.Rmd’ failed with diagnostics:
    Incompatible graphics state
    Execution halted
Flavors: r-patched-linux-x86_64, r-release-linux-x86_64