CRAN Package Check Results for Package memor

Last updated on 2021-11-28 22:51:19 CET.

Flavor Version Tinstall Tcheck Ttotal Status Flags
r-devel-linux-x86_64-debian-clang 0.2.3 OK
r-devel-linux-x86_64-debian-gcc 0.2.3 1.98 28.77 30.75 OK
r-devel-linux-x86_64-fedora-clang 0.2.3 52.72 WARN
r-devel-linux-x86_64-fedora-gcc 0.2.3 42.81 WARN
r-devel-windows-x86_64-new-UL 0.2.3 7.00 120.00 127.00 OK
r-devel-windows-x86_64-new-TK 0.2.3 WARN
r-devel-windows-x86_64-old 0.2.3 4.00 64.00 68.00 OK
r-patched-linux-x86_64 0.2.3 2.50 33.44 35.94 OK
r-patched-solaris-x86 0.2.3 57.30 OK
r-release-linux-x86_64 0.2.3 2.09 33.57 35.66 OK
r-release-macos-arm64 0.2.3 OK
r-release-macos-x86_64 0.2.3 OK
r-release-windows-ix86+x86_64 0.2.3 5.00 43.00 48.00 OK
r-oldrel-macos-x86_64 0.2.3 OK
r-oldrel-windows-ix86+x86_64 0.2.3 4.00 62.00 66.00 OK

Check Details

Version: 0.2.3
Check: re-building of vignette outputs
Result: WARN
    Error(s) in re-building vignettes:
    --- re-building ‘memor.Rmd’ using rmarkdown
    ! Package xcolor Error: Undefined color `shadecolor'.
    
    Error: processing vignette 'memor.Rmd' failed with diagnostics:
    LaTeX failed to compile /data/gannet/ripley/R/packages/tests-clang/memor.Rcheck/vign_test/memor/vignettes/memor.tex. See https://yihui.org/tinytex/r/#debugging for debugging tips. See memor.log for more info.
    --- failed re-building ‘memor.Rmd’
    
    SUMMARY: processing the following file failed:
     ‘memor.Rmd’
    
    Error: Vignette re-building failed.
    Execution halted
Flavor: r-devel-linux-x86_64-fedora-clang

Version: 0.2.3
Check: re-building of vignette outputs
Result: WARN
    Error(s) in re-building vignettes:
    --- re-building ‘memor.Rmd’ using rmarkdown
    ! Package xcolor Error: Undefined color `shadecolor'.
    
    Error: processing vignette 'memor.Rmd' failed with diagnostics:
    LaTeX failed to compile /data/gannet/ripley/R/packages/tests-devel/memor.Rcheck/vign_test/memor/vignettes/memor.tex. See https://yihui.org/tinytex/r/#debugging for debugging tips. See memor.log for more info.
    --- failed re-building ‘memor.Rmd’
    
    SUMMARY: processing the following file failed:
     ‘memor.Rmd’
    
    Error: Vignette re-building failed.
    Execution halted
Flavor: r-devel-linux-x86_64-fedora-gcc

Version: 0.2.3
Check: re-building of vignette outputs
Result: WARN
    Error(s) in re-building vignettes:
    --- re-building 'memor.Rmd' using rmarkdown
    ! LaTeX Error: File `tabu.sty' not found.
    
    ! Emergency stop.
    <read *>
    
    Error: processing vignette 'memor.Rmd' failed with diagnostics:
    LaTeX failed to compile C:/r_packages/pkgcheck/CRAN/memor/memor.Rcheck/vign_test/memor/vignettes/memor.tex. See https://yihui.org/tinytex/r/#debugging for debugging tips. See memor.log for more info.
    --- failed re-building 'memor.Rmd'
    
    SUMMARY: processing the following file failed:
     'memor.Rmd'
    
    Error: Vignette re-building failed.
    Execution halted
Flavor: r-devel-windows-x86_64-new-TK