CRAN Package Check Results for Package metaBMA

Last updated on 2019-09-18 22:52:42 CEST.

Flavor Version Tinstall Tcheck Ttotal Status Flags
r-devel-linux-x86_64-debian-clang 0.6.2 693.95 303.42 997.37 NOTE
r-devel-linux-x86_64-debian-gcc 0.6.2 708.28 247.25 955.53 NOTE
r-devel-linux-x86_64-fedora-clang 0.6.2 851.17 NOTE
r-devel-linux-x86_64-fedora-gcc 0.6.2 1016.17 NOTE
r-devel-windows-ix86+x86_64 0.6.2 1420.00 650.00 2070.00 NOTE
r-patched-linux-x86_64 0.6.2 777.26 331.64 1108.90 NOTE
r-patched-solaris-x86 0.6.2 1305.90 NOTE
r-release-linux-x86_64 0.6.2 763.87 327.77 1091.64 NOTE
r-release-windows-ix86+x86_64 0.6.1 1220.00 459.00 1679.00 NOTE
r-release-osx-x86_64 0.6.2 NOTE
r-oldrel-windows-ix86+x86_64 0.6.2 1278.00 549.00 1827.00 NOTE
r-oldrel-osx-x86_64 0.6.2 NOTE

Check Details

Version: 0.6.2
Check: for GNU extensions in Makefiles
Result: NOTE
    GNU make is a SystemRequirements.
Flavors: r-devel-linux-x86_64-debian-clang, r-devel-linux-x86_64-debian-gcc, r-devel-linux-x86_64-fedora-clang, r-devel-linux-x86_64-fedora-gcc, r-devel-windows-ix86+x86_64, r-patched-linux-x86_64, r-patched-solaris-x86, r-release-linux-x86_64, r-release-osx-x86_64, r-oldrel-windows-ix86+x86_64, r-oldrel-osx-x86_64

Version: 0.6.2
Check: installed package size
Result: NOTE
     installed size is 111.8Mb
     sub-directories of 1Mb or more:
     libs 111.4Mb
Flavors: r-devel-linux-x86_64-fedora-clang, r-devel-windows-ix86+x86_64, r-patched-solaris-x86, r-release-osx-x86_64, r-oldrel-windows-ix86+x86_64, r-oldrel-osx-x86_64

Version: 0.6.1
Check: installed package size
Result: NOTE
     installed size is 11.8Mb
     sub-directories of 1Mb or more:
     libs 11.4Mb
Flavor: r-release-windows-ix86+x86_64

Version: 0.6.1
Check: for GNU extensions in Makefiles
Result: NOTE
    GNU make is a SystemRequirements.
Flavor: r-release-windows-ix86+x86_64