CRAN Package Check Results for Package metaEnsembleR

Last updated on 2021-11-27 22:57:02 CET.

Flavor Version Tinstall Tcheck Ttotal Status Flags
r-devel-linux-x86_64-debian-clang 0.1.0 OK
r-devel-linux-x86_64-debian-gcc 0.1.0 2.02 22.28 24.30 OK
r-devel-linux-x86_64-fedora-clang 0.1.0 48.99 NOTE
r-devel-linux-x86_64-fedora-gcc 0.1.0 37.72 NOTE
r-devel-windows-x86_64-new-UL 0.1.0 8.00 67.00 75.00 OK
r-devel-windows-x86_64-new-TK 0.1.0 NOTE
r-devel-windows-x86_64-old 0.1.0 5.00 46.00 51.00 OK
r-patched-linux-x86_64 0.1.0 2.69 27.23 29.92 OK
r-patched-solaris-x86 0.1.0 59.30 NOTE
r-release-linux-x86_64 0.1.0 OK
r-release-macos-arm64 0.1.0 NOTE
r-release-macos-x86_64 0.1.0 NOTE
r-release-windows-ix86+x86_64 0.1.0 7.00 34.00 41.00 OK
r-oldrel-macos-x86_64 0.1.0 NOTE
r-oldrel-windows-ix86+x86_64 0.1.0 7.00 49.00 56.00 OK

Check Details

Version: 0.1.0
Check: dependencies in R code
Result: NOTE
    Namespaces in Imports field not imported from:
     ‘e1071’ ‘gbm’ ‘ggplot2’ ‘graphics’ ‘randomForest’
     All declared Imports should be used.
Flavors: r-devel-linux-x86_64-fedora-clang, r-devel-linux-x86_64-fedora-gcc, r-devel-windows-x86_64-new-TK, r-patched-solaris-x86, r-release-macos-arm64, r-release-macos-x86_64, r-oldrel-macos-x86_64