CRAN Package Check Results for Package metaEnsembleR

Last updated on 2021-05-06 22:55:26 CEST.

Flavor Version Tinstall Tcheck Ttotal Status Flags
r-devel-linux-x86_64-debian-clang 0.1.0 2.22 28.66 30.88 OK
r-devel-linux-x86_64-debian-gcc 0.1.0 1.97 22.34 24.31 OK
r-devel-linux-x86_64-fedora-clang 0.1.0 49.64 NOTE
r-devel-linux-x86_64-fedora-gcc 0.1.0 37.88 NOTE
r-devel-windows-ix86+x86_64 0.1.0 7.00 44.00 51.00 OK
r-devel-windows-x86_64-gcc10-UCRT 0.1.0 NOTE
r-patched-linux-x86_64 0.1.0 2.67 28.35 31.02 OK
r-patched-solaris-x86 0.1.0 58.50 NOTE
r-release-linux-x86_64 0.1.0 2.61 28.30 30.91 OK
r-release-macos-x86_64 0.1.0 NOTE
r-release-windows-ix86+x86_64 0.1.0 4.00 36.00 40.00 OK
r-oldrel-macos-x86_64 0.1.0 NOTE
r-oldrel-windows-ix86+x86_64 0.1.0 4.00 45.00 49.00 OK

Check Details

Version: 0.1.0
Check: dependencies in R code
Result: NOTE
    Namespaces in Imports field not imported from:
     ‘e1071’ ‘gbm’ ‘ggplot2’ ‘graphics’ ‘randomForest’
     All declared Imports should be used.
Flavors: r-devel-linux-x86_64-fedora-clang, r-devel-linux-x86_64-fedora-gcc, r-devel-windows-x86_64-gcc10-UCRT, r-patched-solaris-x86, r-release-macos-x86_64, r-oldrel-macos-x86_64