CRAN Package Check Results for Package metaMA

Last updated on 2024-03-01 22:53:42 CET.

Flavor Version Tinstall Tcheck Ttotal Status Flags
r-devel-linux-x86_64-debian-clang 3.1.3 2.92 46.51 49.43 OK
r-devel-linux-x86_64-debian-gcc 3.1.3 3.43 35.92 39.35 OK
r-devel-linux-x86_64-fedora-clang 3.1.3 63.77 OK
r-devel-linux-x86_64-fedora-gcc 3.1.3 72.55 OK
r-devel-windows-x86_64 3.1.3 4.00 72.00 76.00 OK
r-patched-linux-x86_64 3.1.3 5.02 45.91 50.93 OK
r-release-linux-x86_64 3.1.3 3.80 45.32 49.12 OK
r-release-macos-arm64 3.1.3 30.00 NOTE
r-release-macos-x86_64 3.1.3 45.00 NOTE
r-release-windows-x86_64 3.1.3 4.00 72.00 76.00 OK
r-oldrel-macos-arm64 3.1.3 25.00 NOTE
r-oldrel-windows-x86_64 3.1.3 7.00 76.00 83.00 OK

Check Details

Version: 3.1.3
Check: package dependencies
Result: NOTE Packages suggested but not available for checking: 'GEOquery', 'annaffy', 'hgu133plus2.db', 'hgu133a.db', 'hgu95av2.db' Flavor: r-release-macos-arm64

Version: 3.1.3
Check: package dependencies
Result: NOTE Packages suggested but not available for checking: 'org.Hs.eg.db', 'annaffy', 'hgu133plus2.db', 'hgu133a.db', 'hgu95av2.db' Flavor: r-release-macos-x86_64

Version: 3.1.3
Check: package dependencies
Result: NOTE Packages suggested but not available for checking: 'hgu133a.db', 'hgu95av2.db' Flavor: r-oldrel-macos-arm64