CRAN Package Check Results for Package metaRNASeq

Last updated on 2024-02-24 21:40:25 CET.

Flavor Version Tinstall Tcheck Ttotal Status Flags
r-devel-linux-x86_64-debian-clang 1.0.7 2.31 103.83 106.14 NOTE
r-devel-linux-x86_64-debian-gcc 1.0.7 1.57 71.63 73.20 NOTE
r-devel-linux-x86_64-fedora-clang 1.0.7 136.97 OK
r-devel-linux-x86_64-fedora-gcc 1.0.7 138.42 OK
r-devel-windows-x86_64 1.0.7 3.00 45.00 48.00 NOTE --no-vignettes
r-patched-linux-x86_64 1.0.7 2.39 94.06 96.45 OK
r-release-linux-x86_64 1.0.7 2.52 96.63 99.15 OK
r-release-macos-arm64 1.0.7 65.00 OK
r-release-macos-x86_64 1.0.7 123.00 OK
r-release-windows-x86_64 1.0.7 3.00 45.00 48.00 OK --no-vignettes
r-oldrel-macos-arm64 1.0.7 57.00 OK
r-oldrel-windows-x86_64 1.0.7 4.00 53.00 57.00 OK --no-vignettes

Check Details

Version: 1.0.7
Check: Rd files
Result: NOTE checkRd: (-1) param.Rd:29: Lost braces 29 | T. Strub, S. Giuliano, T. Ye, et al. (2011) Essential role of microphthalmia transcription factor for DNA replication, mitosis and genomic stability in melanoma. emph{Oncogene} \bold{30}:2319-32. | ^ Flavors: r-devel-linux-x86_64-debian-clang, r-devel-linux-x86_64-debian-gcc

Version: 1.0.7
Flags: --no-vignettes
Check: Rd files
Result: NOTE checkRd: (-1) param.Rd:29: Lost braces 29 | T. Strub, S. Giuliano, T. Ye, et al. (2011) Essential role of microphthalmia transcription factor for DNA replication, mitosis and genomic stability in melanoma. emph{Oncogene} \bold{30}:2319-32. | ^ Flavor: r-devel-windows-x86_64