CRAN Package Check Results for Package metaboGSE

Last updated on 2019-07-18 22:53:14 CEST.

Flavor Version Tinstall Tcheck Ttotal Status Flags
r-devel-linux-x86_64-debian-clang 1.2.1 51.86 402.15 454.01 NOTE
r-devel-linux-x86_64-debian-gcc 1.2.1 49.06 312.80 361.86 NOTE
r-devel-linux-x86_64-fedora-clang 1.2.1 548.47 NOTE
r-devel-linux-x86_64-fedora-gcc 1.2.1 540.36 NOTE
r-devel-windows-ix86+x86_64 1.2.1 103.00 509.00 612.00 NOTE
r-patched-linux-x86_64 1.2.1 47.91 398.09 446.00 OK
r-patched-solaris-x86 1.2.1 798.00 NOTE
r-release-linux-x86_64 1.2.1 50.63 393.24 443.87 OK
r-release-windows-ix86+x86_64 1.2.1 71.00 513.00 584.00 NOTE
r-release-osx-x86_64 1.2.1 ERROR
r-oldrel-windows-ix86+x86_64 1.2.1 48.00 512.00 560.00 NOTE
r-oldrel-osx-x86_64 1.2.1 NOTE

Check Details

Version: 1.2.1
Check: for non-standard things in the check directory
Result: NOTE
    Found the following files/directories:
     'DN_random.pdf' 'DN_smooth.pdf' 'sub_GSE.pdf'
Flavors: r-devel-linux-x86_64-debian-clang, r-devel-linux-x86_64-debian-gcc, r-devel-linux-x86_64-fedora-clang, r-devel-linux-x86_64-fedora-gcc

Version: 1.2.1
Check: installed package size
Result: NOTE
     installed size is 6.6Mb
     sub-directories of 1Mb or more:
     data 6.1Mb
Flavors: r-devel-linux-x86_64-fedora-clang, r-devel-windows-ix86+x86_64, r-patched-solaris-x86, r-release-windows-ix86+x86_64, r-oldrel-windows-ix86+x86_64, r-oldrel-osx-x86_64

Version: 1.2.1
Check: package dependencies
Result: ERROR
    Packages required but not available: 'AnnotationDbi', 'topGO'
    
    Packages suggested but not available for checking:
     'clpAPI', 'KEGGREST', 'ctc'
    
    See section ‘The DESCRIPTION file’ in the ‘Writing R Extensions’
    manual.
Flavor: r-release-osx-x86_64

Version: 1.2.1
Check: package dependencies
Result: NOTE
    Packages suggested but not available for checking: ‘clpAPI’ ‘ctc’
Flavor: r-oldrel-osx-x86_64