CRAN Package Check Results for Package metacoder

Last updated on 2021-05-14 23:50:51 CEST.

Flavor Version Tinstall Tcheck Ttotal Status Flags
r-devel-linux-x86_64-debian-clang 0.3.4 29.66 133.91 163.57 OK
r-devel-linux-x86_64-debian-gcc 0.3.4 21.29 99.60 120.89 OK
r-devel-linux-x86_64-fedora-clang 0.3.4 209.63 NOTE
r-devel-linux-x86_64-fedora-gcc 0.3.4 194.30 NOTE
r-devel-windows-ix86+x86_64 0.3.4 71.00 182.00 253.00 OK
r-devel-windows-x86_64-gcc10-UCRT 0.3.4 ERROR
r-patched-linux-x86_64 0.3.4 31.57 126.65 158.22 OK
r-patched-solaris-x86 0.3.4 238.50 NOTE
r-release-linux-x86_64 0.3.4 21.73 126.74 148.47 OK
r-release-macos-x86_64 0.3.4 NOTE
r-release-windows-ix86+x86_64 0.3.4 52.00 266.00 318.00 OK
r-oldrel-macos-x86_64 0.3.4 NOTE
r-oldrel-windows-ix86+x86_64 0.3.4 47.00 254.00 301.00 OK

Check Details

Version: 0.3.4
Check: package dependencies
Result: NOTE
    Imports includes 30 non-default packages.
    Importing from so many packages makes the package vulnerable to any of
    them becoming unavailable. Move as many as possible to Suggests and
    use conditionally.
Flavor: r-devel-linux-x86_64-fedora-clang

Version: 0.3.4
Check: dependencies in R code
Result: NOTE
    Namespaces in Imports field not imported from:
     ‘ggrepel’ ‘reshape’ ‘svglite’
     All declared Imports should be used.
Flavors: r-devel-linux-x86_64-fedora-clang, r-devel-linux-x86_64-fedora-gcc, r-patched-solaris-x86, r-release-macos-x86_64, r-oldrel-macos-x86_64

Version: 0.3.4
Check: package dependencies
Result: ERROR
    Package required but not available: 'biomformat'
    
    Package suggested but not available for checking: 'phyloseq'
    
    See section 'The DESCRIPTION file' in the 'Writing R Extensions'
    manual.
Flavor: r-devel-windows-x86_64-gcc10-UCRT