CRAN Package Check Results for Package metadat

Last updated on 2024-06-13 22:49:34 CEST.

Flavor Version Tinstall Tcheck Ttotal Status Flags
r-devel-linux-x86_64-debian-clang 1.2-0 4.23 62.60 66.83 OK
r-devel-linux-x86_64-debian-gcc 1.2-0 3.90 45.53 49.43 ERROR
r-devel-linux-x86_64-fedora-clang 1.2-0 79.14 OK
r-devel-linux-x86_64-fedora-gcc 1.2-0 76.15 OK
r-devel-windows-x86_64 1.2-0 7.00 88.00 95.00 OK
r-patched-linux-x86_64 1.2-0 8.14 57.86 66.00 OK
r-release-linux-x86_64 1.2-0 4.04 58.21 62.25 OK
r-release-macos-arm64 1.2-0 26.00 OK
r-release-macos-x86_64 1.2-0 37.00 OK
r-release-windows-x86_64 1.2-0 5.00 91.00 96.00 OK
r-oldrel-macos-arm64 1.2-0 30.00 OK
r-oldrel-macos-x86_64 1.2-0 54.00 OK
r-oldrel-windows-x86_64 1.2-0 5.00 101.00 106.00 OK

Check Details

Version: 1.2-0
Check: package dependencies
Result: NOTE Packages suggested but not available for checking: 'igraph', 'testthat', 'lme4', 'meta', 'netmeta', 'rms' Flavor: r-devel-linux-x86_64-debian-gcc

Version: 1.2-0
Check: tests
Result: ERROR Running ‘testthat.R’ [0s/1s] Running the tests in ‘tests/testthat.R’ failed. Complete output: > # to also run skip_on_cran() tests, uncomment: > #Sys.setenv(NOT_CRAN="true") > > library(testthat) Error in library(testthat) : there is no package called 'testthat' Execution halted Flavor: r-devel-linux-x86_64-debian-gcc