CRAN Package Check Results for Package metamicrobiomeR

Last updated on 2021-10-23 22:57:53 CEST.

Flavor Version Tinstall Tcheck Ttotal Status Flags
r-devel-linux-x86_64-debian-clang 1.2 13.64 183.21 196.85 OK
r-devel-linux-x86_64-debian-gcc 1.2 11.28 132.67 143.95 OK
r-devel-linux-x86_64-fedora-clang 1.2 236.78 NOTE
r-devel-linux-x86_64-fedora-gcc 1.2 224.46 NOTE
r-devel-windows-x86_64 1.2 21.00 221.00 242.00 OK
r-devel-windows-x86_64-gcc10-UCRT 1.2 NOTE
r-patched-linux-x86_64 1.2 11.48 169.98 181.46 OK
r-patched-solaris-x86 1.2 247.60 NOTE
r-release-linux-x86_64 1.2 10.54 170.67 181.21 OK
r-release-macos-arm64 1.2 NOTE
r-release-macos-x86_64 1.2 NOTE
r-release-windows-ix86+x86_64 1.2 22.00 219.00 241.00 OK
r-oldrel-macos-x86_64 1.2 NOTE
r-oldrel-windows-ix86+x86_64 1.2 31.00 227.00 258.00 OK

Check Details

Version: 1.2
Check: dependencies in R code
Result: NOTE
    Namespace in Imports field not imported from: ‘lmerTest’
     All declared Imports should be used.
Flavors: r-devel-linux-x86_64-fedora-clang, r-devel-linux-x86_64-fedora-gcc, r-devel-windows-x86_64-gcc10-UCRT, r-patched-solaris-x86, r-release-macos-arm64, r-release-macos-x86_64, r-oldrel-macos-x86_64