CRAN Package Check Results for Package metaplotr

Last updated on 2020-01-17 22:50:57 CET.

Flavor Version Tinstall Tcheck Ttotal Status Flags
r-devel-linux-x86_64-debian-clang 0.0.3 2.32 47.63 49.95 NOTE
r-devel-linux-x86_64-debian-gcc 0.0.3 1.97 36.43 38.40 NOTE
r-devel-linux-x86_64-fedora-clang 0.0.3 57.98 OK
r-devel-linux-x86_64-fedora-gcc 0.0.3 56.43 OK
r-devel-windows-ix86+x86_64 0.0.3 9.00 75.00 84.00 NOTE
r-devel-windows-ix86+x86_64-gcc8 0.0.3 6.00 77.00 83.00 NOTE
r-patched-linux-x86_64 0.0.3 1.91 41.17 43.08 OK
r-patched-solaris-x86 0.0.3 76.40 OK
r-release-linux-x86_64 0.0.3 1.84 41.84 43.68 OK
r-release-windows-ix86+x86_64 0.0.3 8.00 49.00 57.00 OK
r-release-osx-x86_64 0.0.3 OK
r-oldrel-windows-ix86+x86_64 0.0.3 4.00 53.00 57.00 OK
r-oldrel-osx-x86_64 0.0.3 OK

Check Details

Version: 0.0.3
Check: package vignettes
Result: NOTE
    Package vignette with placeholder title 'Vignette Title':
     'how_to_use_crosshairs.Rmd'
Flavors: r-devel-linux-x86_64-debian-clang, r-devel-linux-x86_64-debian-gcc, r-devel-windows-ix86+x86_64, r-devel-windows-ix86+x86_64-gcc8