CRAN Package Check Results for Package meteoForecast

Last updated on 2020-02-24 22:50:29 CET.

Flavor Version Tinstall Tcheck Ttotal Status Flags
r-devel-linux-x86_64-debian-clang 0.53 10.38 77.77 88.15 OK
r-devel-linux-x86_64-debian-gcc 0.53 7.97 60.99 68.96 OK
r-devel-linux-x86_64-fedora-clang 0.53 114.09 WARN
r-devel-linux-x86_64-fedora-gcc 0.53 111.61 WARN
r-devel-windows-ix86+x86_64 0.53 19.00 80.00 99.00 OK
r-devel-windows-ix86+x86_64-gcc8 0.53 28.00 108.00 136.00 OK
r-patched-linux-x86_64 0.53 6.67 67.78 74.45 OK
r-patched-solaris-x86 0.53 139.50 OK
r-release-linux-x86_64 0.53 7.76 68.74 76.50 OK
r-release-windows-ix86+x86_64 0.53 14.00 68.00 82.00 OK
r-release-osx-x86_64 0.53 OK
r-oldrel-windows-ix86+x86_64 0.53 12.00 78.00 90.00 OK
r-oldrel-osx-x86_64 0.53 OK

Check Details

Version: 0.53
Check: whether package can be installed
Result: WARN
    Found the following significant warnings:
     Warning: namespace ‘rgdal’ is not available and has been replaced
Flavors: r-devel-linux-x86_64-fedora-clang, r-devel-linux-x86_64-fedora-gcc