CRAN Package Check Results for Package meteogRam

Last updated on 2019-09-21 22:49:01 CEST.

Flavor Version Tinstall Tcheck Ttotal Status Flags
r-devel-linux-x86_64-debian-clang 1.0 3.26 33.60 36.86 NOTE
r-devel-linux-x86_64-debian-gcc 1.0 2.71 26.85 29.56 NOTE
r-devel-linux-x86_64-fedora-clang 1.0 45.45 NOTE
r-devel-linux-x86_64-fedora-gcc 1.0 46.97 NOTE
r-devel-windows-ix86+x86_64 1.0 19.00 44.00 63.00 NOTE
r-patched-linux-x86_64 1.0 3.38 32.63 36.01 NOTE
r-patched-solaris-x86 1.0 72.30 NOTE
r-release-linux-x86_64 1.0 3.14 32.51 35.65 NOTE
r-release-windows-ix86+x86_64 1.0 9.00 45.00 54.00 NOTE
r-release-osx-x86_64 1.0 NOTE
r-oldrel-windows-ix86+x86_64 1.0 7.00 45.00 52.00 NOTE
r-oldrel-osx-x86_64 1.0 NOTE

Check Details

Version: 1.0
Check: R code for possible problems
Result: NOTE
    crosssection: no visible global function definition for
     'colorRampPalette'
    crosssection: no visible global function definition for
     'filled.contour'
    crosssection: no visible global function definition for 'axis'
    crosssection: no visible global function definition for 'par'
    crosssection: no visible global function definition for 'contour'
    temperatures: no visible binding for global variable 'time'
    Undefined global functions or variables:
     axis colorRampPalette contour filled.contour par time
    Consider adding
     importFrom("grDevices", "colorRampPalette")
     importFrom("graphics", "axis", "contour", "filled.contour", "par")
     importFrom("stats", "time")
    to your NAMESPACE file.
Flavors: r-devel-linux-x86_64-debian-clang, r-devel-linux-x86_64-debian-gcc, r-devel-linux-x86_64-fedora-clang, r-devel-linux-x86_64-fedora-gcc, r-devel-windows-ix86+x86_64, r-patched-linux-x86_64, r-patched-solaris-x86, r-release-linux-x86_64, r-release-windows-ix86+x86_64, r-release-osx-x86_64, r-oldrel-windows-ix86+x86_64, r-oldrel-osx-x86_64