Last updated on 2024-03-28 23:01:50 CET.
Flavor | Version | Tinstall | Tcheck | Ttotal | Status | Flags |
---|---|---|---|---|---|---|
r-devel-linux-x86_64-debian-clang | 0.9.3 | 6.07 | 52.57 | 58.64 | OK | |
r-devel-linux-x86_64-debian-gcc | 0.9.3 | 4.14 | 40.76 | 44.90 | OK | |
r-devel-linux-x86_64-fedora-clang | 0.9.3 | 73.97 | NOTE | |||
r-devel-linux-x86_64-fedora-gcc | 0.9.3 | 71.47 | NOTE | |||
r-devel-windows-x86_64 | 0.9.3 | 6.00 | 71.00 | 77.00 | OK | |
r-patched-linux-x86_64 | 0.9.3 | 6.10 | 52.25 | 58.35 | OK | |
r-release-linux-x86_64 | 0.9.3 | 4.93 | 52.24 | 57.17 | OK | |
r-release-macos-arm64 | 0.9.3 | 34.00 | OK | |||
r-release-macos-x86_64 | 0.9.3 | 55.00 | OK | |||
r-release-windows-x86_64 | 0.9.3 | 8.00 | 77.00 | 85.00 | OK | |
r-oldrel-macos-arm64 | 0.9.3 | 32.00 | OK | |||
r-oldrel-windows-x86_64 | 0.9.3 | 8.00 | 69.00 | 77.00 | OK |
Version: 0.9.3
Check: data for non-ASCII characters
Result: NOTE
Note: found 1 marked UTF-8 string
Flavors: r-devel-linux-x86_64-fedora-clang, r-devel-linux-x86_64-fedora-gcc