CRAN Package Check Results for Package mfe

Last updated on 2021-05-06 22:55:26 CEST.

Flavor Version Tinstall Tcheck Ttotal Status Flags
r-devel-linux-x86_64-debian-clang 0.1.5 4.56 85.39 89.95 NOTE
r-devel-linux-x86_64-debian-gcc 0.1.5 2.77 63.10 65.87 NOTE
r-devel-linux-x86_64-fedora-clang 0.1.5 112.18 NOTE
r-devel-linux-x86_64-fedora-gcc 0.1.5 103.19 NOTE
r-devel-windows-ix86+x86_64 0.1.5 7.00 110.00 117.00 NOTE
r-devel-windows-x86_64-gcc10-UCRT 0.1.5 NOTE
r-patched-linux-x86_64 0.1.5 4.05 80.76 84.81 NOTE
r-patched-solaris-x86 0.1.5 141.20 NOTE
r-release-linux-x86_64 0.1.5 4.17 81.41 85.58 OK
r-release-macos-x86_64 0.1.5 NOTE
r-release-windows-ix86+x86_64 0.1.5 6.00 83.00 89.00 OK
r-oldrel-macos-x86_64 0.1.5 NOTE
r-oldrel-windows-ix86+x86_64 0.1.5 7.00 111.00 118.00 OK

Check Details

Version: 0.1.5
Check: LazyData
Result: NOTE
     'LazyData' is specified without a 'data' directory
Flavors: r-devel-linux-x86_64-debian-clang, r-devel-linux-x86_64-debian-gcc, r-devel-linux-x86_64-fedora-clang, r-devel-linux-x86_64-fedora-gcc, r-devel-windows-ix86+x86_64, r-devel-windows-x86_64-gcc10-UCRT, r-patched-linux-x86_64

Version: 0.1.5
Check: dependencies in R code
Result: NOTE
    Namespace in Imports field not imported from: ‘ECoL’
     All declared Imports should be used.
Flavors: r-devel-linux-x86_64-fedora-clang, r-devel-linux-x86_64-fedora-gcc, r-devel-windows-x86_64-gcc10-UCRT, r-patched-solaris-x86, r-release-macos-x86_64, r-oldrel-macos-x86_64