CRAN Package Check Results for Package mgc

Last updated on 2020-01-18 22:48:37 CET.

Flavor Version Tinstall Tcheck Ttotal Status Flags
r-devel-linux-x86_64-debian-clang 1.0.1 3.21 94.84 98.05 OK
r-devel-linux-x86_64-debian-gcc 1.0.1 2.75 70.70 73.45 OK
r-devel-linux-x86_64-fedora-clang 1.0.1 114.80 WARN
r-devel-linux-x86_64-fedora-gcc 1.0.1 106.97 OK
r-devel-windows-ix86+x86_64 1.0.1 13.00 125.00 138.00 OK
r-devel-windows-ix86+x86_64-gcc8 1.0.1 8.00 131.00 139.00 OK
r-patched-linux-x86_64 1.0.1 3.15 84.70 87.85 OK
r-patched-solaris-x86 1.0.1 141.20 OK
r-release-linux-x86_64 1.0.1 2.79 84.01 86.80 OK
r-release-windows-ix86+x86_64 1.0.1 9.00 122.00 131.00 OK
r-release-osx-x86_64 1.0.1 OK
r-oldrel-windows-ix86+x86_64 1.0.1 7.00 76.00 83.00 OK
r-oldrel-osx-x86_64 1.0.1 OK

Check Details

Version: 1.0.1
Check: package dependencies
Result: WARN
    Requires orphaned package: ‘SDMTools’
Flavor: r-devel-linux-x86_64-fedora-clang