Last updated on 2022-08-07 22:54:04 CEST.
Flavor | Version | Tinstall | Tcheck | Ttotal | Status | Flags |
---|---|---|---|---|---|---|
r-devel-linux-x86_64-debian-clang | 0.1.9 | 22.93 | 325.34 | 348.27 | OK | |
r-devel-linux-x86_64-debian-gcc | 0.1.9 | 17.88 | 234.44 | 252.32 | OK | |
r-devel-linux-x86_64-fedora-clang | 0.1.9 | 406.19 | NOTE | |||
r-devel-linux-x86_64-fedora-gcc | 0.1.9 | 401.89 | OK | |||
r-devel-windows-x86_64 | 0.1.9 | 41.00 | 471.00 | 512.00 | NOTE | |
r-patched-linux-x86_64 | 0.1.9 | 29.55 | 302.42 | 331.97 | OK | |
r-release-linux-x86_64 | 0.1.9 | 21.54 | 301.70 | 323.24 | OK | |
r-release-macos-arm64 | 0.1.9 | 121.00 | NOTE | |||
r-release-macos-x86_64 | 0.1.9 | 192.00 | NOTE | |||
r-release-windows-x86_64 | 0.1.9 | 62.00 | 455.00 | 517.00 | NOTE | |
r-oldrel-macos-arm64 | 0.1.9 | 114.00 | NOTE | |||
r-oldrel-macos-x86_64 | 0.1.9 | 133.00 | NOTE | |||
r-oldrel-windows-ix86+x86_64 | 0.1.9 | 45.00 | 485.00 | 530.00 | NOTE |
Version: 0.1.9
Check: installed package size
Result: NOTE
installed size is 5.3Mb
sub-directories of 1Mb or more:
doc 4.6Mb
Flavors: r-devel-linux-x86_64-fedora-clang, r-devel-windows-x86_64, r-release-macos-arm64, r-release-macos-x86_64, r-release-windows-x86_64, r-oldrel-macos-arm64, r-oldrel-macos-x86_64, r-oldrel-windows-ix86+x86_64
Version: 0.1.9
Check: package dependencies
Result: NOTE
Package suggested but not available for checking: ‘webshot2’
Flavors: r-release-macos-arm64, r-release-macos-x86_64, r-oldrel-macos-arm64, r-oldrel-macos-x86_64