CRAN Package Check Results for Package mgcViz

Last updated on 2021-11-26 23:03:30 CET.

Flavor Version Tinstall Tcheck Ttotal Status Flags
r-devel-linux-x86_64-debian-clang 0.1.9 19.94 293.87 313.81 NOTE
r-devel-linux-x86_64-debian-gcc 0.1.9 15.40 216.17 231.57 NOTE
r-devel-linux-x86_64-fedora-clang 0.1.9 417.33 NOTE
r-devel-linux-x86_64-fedora-gcc 0.1.9 389.67 NOTE
r-devel-windows-x86_64-new-UL 0.1.9 45.00 602.00 647.00 NOTE
r-devel-windows-x86_64-new-TK 0.1.9 NOTE
r-devel-windows-x86_64-old 0.1.9 24.00 439.00 463.00 NOTE
r-patched-linux-x86_64 0.1.9 25.51 281.08 306.59 NOTE
r-patched-solaris-x86 0.1.9 419.10 NOTE
r-release-linux-x86_64 0.1.9 NOTE
r-release-macos-arm64 0.1.9 NOTE
r-release-macos-x86_64 0.1.9 NOTE
r-release-windows-ix86+x86_64 0.1.9 46.00 476.00 522.00 NOTE
r-oldrel-macos-x86_64 0.1.9 NOTE
r-oldrel-windows-ix86+x86_64 0.1.9 42.00 467.00 509.00 NOTE

Check Details

Version: 0.1.9
Check: package dependencies
Result: NOTE
    Package suggested but not available for checking: 'webshot2'
Flavors: r-devel-linux-x86_64-debian-clang, r-devel-linux-x86_64-debian-gcc, r-devel-linux-x86_64-fedora-clang, r-devel-linux-x86_64-fedora-gcc, r-devel-windows-x86_64-new-UL, r-devel-windows-x86_64-new-TK, r-devel-windows-x86_64-old, r-patched-linux-x86_64, r-release-linux-x86_64, r-release-macos-arm64, r-release-macos-x86_64, r-release-windows-ix86+x86_64, r-oldrel-macos-x86_64, r-oldrel-windows-ix86+x86_64

Version: 0.1.9
Check: installed package size
Result: NOTE
     installed size is 5.3Mb
     sub-directories of 1Mb or more:
     doc 4.6Mb
Flavors: r-devel-linux-x86_64-fedora-clang, r-devel-windows-x86_64-new-UL, r-devel-windows-x86_64-old, r-patched-solaris-x86, r-release-macos-arm64, r-release-macos-x86_64, r-release-windows-ix86+x86_64, r-oldrel-macos-x86_64, r-oldrel-windows-ix86+x86_64