CRAN Package Check Results for Package micEcon

Last updated on 2021-07-31 22:53:38 CEST.

Flavor Version Tinstall Tcheck Ttotal Status Flags
r-devel-linux-x86_64-debian-clang 0.6-16 5.84 71.36 77.20 OK
r-devel-linux-x86_64-debian-gcc 0.6-16 4.59 53.52 58.11 OK
r-devel-linux-x86_64-fedora-clang 0.6-16 107.51 NOTE
r-devel-linux-x86_64-fedora-gcc 0.6-16 96.76 OK
r-devel-windows-x86_64 0.6-16 8.00 106.00 114.00 OK
r-devel-windows-x86_64-gcc10-UCRT 0.6-16 OK
r-patched-linux-x86_64 0.6-16 OK
r-patched-solaris-x86 0.6-16 127.50 OK
r-release-linux-x86_64 0.6-16 5.40 68.00 73.40 OK
r-release-macos-arm64 0.6-16 OK
r-release-macos-x86_64 0.6-16 OK
r-release-windows-ix86+x86_64 0.6-16 14.00 68.00 82.00 OK
r-oldrel-macos-x86_64 0.6-16 OK
r-oldrel-windows-ix86+x86_64 0.6-16 9.00 103.00 112.00 OK

Check Details

Version: 0.6-16
Check: Rd cross-references
Result: NOTE
    Undeclared packages ‘micEconAids’, ‘micEconSNQP’ in Rd xrefs
Flavor: r-devel-linux-x86_64-fedora-clang