CRAN Package Check Results for Package michelRodange

Last updated on 2024-07-16 22:48:39 CEST.

Flavor Version Tinstall Tcheck Ttotal Status Flags
r-devel-linux-x86_64-debian-clang 1.0.0 1.83 25.63 27.46 OK
r-devel-linux-x86_64-debian-gcc 1.0.0 1.67 19.59 21.26 OK
r-devel-linux-x86_64-fedora-clang 1.0.0 35.53 NOTE
r-devel-linux-x86_64-fedora-gcc 1.0.0 49.34 NOTE
r-devel-windows-x86_64 1.0.0 3.00 42.00 45.00 OK
r-patched-linux-x86_64 1.0.0 1.62 24.59 26.21 OK
r-release-linux-x86_64 1.0.0 1.59 23.98 25.57 OK
r-release-macos-arm64 1.0.0 21.00 OK
r-release-macos-x86_64 1.0.0 34.00 OK
r-release-windows-x86_64 1.0.0 3.00 43.00 46.00 OK
r-oldrel-macos-arm64 1.0.0 22.00 OK
r-oldrel-macos-x86_64 1.0.0 30.00 OK
r-oldrel-windows-x86_64 1.0.0 4.00 42.00 46.00 OK

Check Details

Version: 1.0.0
Check: data for non-ASCII characters
Result: NOTE Note: found 9345 marked UTF-8 strings Flavors: r-devel-linux-x86_64-fedora-clang, r-devel-linux-x86_64-fedora-gcc