CRAN Package Check Results for Package michelRodange

Last updated on 2024-03-04 22:58:07 CET.

Flavor Version Tinstall Tcheck Ttotal Status Flags
r-devel-linux-x86_64-debian-clang 1.0.0 1.93 23.52 25.45 OK
r-devel-linux-x86_64-debian-gcc 1.0.0 1.47 18.46 19.93 OK
r-devel-linux-x86_64-fedora-clang 1.0.0 32.80 NOTE
r-devel-linux-x86_64-fedora-gcc 1.0.0 43.51 NOTE
r-devel-windows-x86_64 1.0.0 4.00 42.00 46.00 OK
r-patched-linux-x86_64 1.0.0 1.98 22.91 24.89 OK
r-release-linux-x86_64 1.0.0 1.79 23.17 24.96 OK
r-release-macos-arm64 1.0.0 22.00 OK
r-release-macos-x86_64 1.0.0 30.00 OK
r-release-windows-x86_64 1.0.0 4.00 43.00 47.00 OK
r-oldrel-macos-arm64 1.0.0 17.00 OK
r-oldrel-windows-x86_64 1.0.0 6.00 47.00 53.00 OK

Check Details

Version: 1.0.0
Check: data for non-ASCII characters
Result: NOTE Note: found 9345 marked UTF-8 strings Flavors: r-devel-linux-x86_64-fedora-clang, r-devel-linux-x86_64-fedora-gcc