CRAN Package Check Results for Package michelRodange

Last updated on 2021-11-30 22:54:36 CET.

Flavor Version Tinstall Tcheck Ttotal Status Flags
r-devel-linux-x86_64-debian-clang 1.0.0 1.84 20.96 22.80 OK
r-devel-linux-x86_64-debian-gcc 1.0.0 1.50 18.23 19.73 OK
r-devel-linux-x86_64-fedora-clang 1.0.0 39.83 NOTE
r-devel-linux-x86_64-fedora-gcc 1.0.0 28.63 NOTE
r-devel-windows-x86_64-new-UL 1.0.0 7.00 58.00 65.00 OK
r-devel-windows-x86_64-new-TK 1.0.0 NOTE
r-devel-windows-x86_64-old 1.0.0 5.00 36.00 41.00 OK
r-patched-linux-x86_64 1.0.0 1.69 19.96 21.65 OK
r-patched-solaris-x86 1.0.0 43.80 NOTE
r-release-linux-x86_64 1.0.0 1.66 19.97 21.63 OK
r-release-macos-arm64 1.0.0 NOTE
r-release-macos-x86_64 1.0.0 NOTE
r-release-windows-ix86+x86_64 1.0.0 6.00 29.00 35.00 OK
r-oldrel-macos-x86_64 1.0.0 NOTE
r-oldrel-windows-ix86+x86_64 1.0.0 4.00 39.00 43.00 OK

Check Details

Version: 1.0.0
Check: data for non-ASCII characters
Result: NOTE
     Note: found 9345 marked UTF-8 strings
Flavors: r-devel-linux-x86_64-fedora-clang, r-devel-linux-x86_64-fedora-gcc, r-devel-windows-x86_64-new-TK, r-patched-solaris-x86, r-release-macos-arm64, r-release-macos-x86_64, r-oldrel-macos-x86_64