CRAN Package Check Results for Package microsamplingDesign

Last updated on 2023-10-02 22:08:04 CEST.

Flavor Version Tinstall Tcheck Ttotal Status Flags
r-devel-linux-x86_64-debian-clang 1.0.8 42.91 317.37 360.28 NOTE
r-devel-linux-x86_64-debian-gcc 1.0.8 30.99 222.73 253.72 NOTE
r-devel-linux-x86_64-fedora-clang 1.0.8 433.68 NOTE
r-devel-linux-x86_64-fedora-gcc 1.0.8 439.03 NOTE
r-devel-windows-x86_64 1.0.8 38.00 249.00 287.00 NOTE
r-patched-linux-x86_64 1.0.8 29.70 304.38 334.08 NOTE
r-release-linux-x86_64 1.0.8 33.67 301.55 335.22 NOTE
r-release-macos-arm64 1.0.8 113.00 NOTE
r-release-macos-x86_64 1.0.8 196.00 NOTE
r-release-windows-x86_64 1.0.8 50.00 315.00 365.00 NOTE
r-oldrel-macos-arm64 1.0.8 100.00 OK
r-oldrel-macos-x86_64 1.0.8 158.00 OK
r-oldrel-windows-x86_64 1.0.8 46.00 296.00 342.00 OK

Check Details

Version: 1.0.8
Check: C++ specification
Result: NOTE
     Specified C++11: please drop specification unless essential
Flavors: r-devel-linux-x86_64-debian-clang, r-devel-linux-x86_64-debian-gcc, r-devel-linux-x86_64-fedora-clang, r-devel-linux-x86_64-fedora-gcc, r-devel-windows-x86_64, r-patched-linux-x86_64, r-release-linux-x86_64, r-release-macos-arm64, r-release-macos-x86_64, r-release-windows-x86_64

Version: 1.0.8
Check: Rd \usage sections
Result: NOTE
    Documented arguments not in \usage in documentation object 'changeDevSettings':
     ‘defaultsSettings’
    
    Documented arguments not in \usage in documentation object 'getResultPerScheme':
     ‘criteria’
    
    Functions with \usage entries need to have the appropriate \alias
    entries, and all their arguments documented.
    The \usage entries must correspond to syntactically valid R code.
    See chapter ‘Writing R documentation files’ in the ‘Writing R
    Extensions’ manual.
Flavors: r-devel-linux-x86_64-debian-clang, r-devel-linux-x86_64-debian-gcc, r-devel-linux-x86_64-fedora-clang, r-devel-linux-x86_64-fedora-gcc, r-devel-windows-x86_64