Last updated on 2024-04-17 22:59:59 CEST.
Flavor | Version | Tinstall | Tcheck | Ttotal | Status | Flags |
---|---|---|---|---|---|---|
r-devel-linux-x86_64-debian-clang | 2.1.6 | 56.12 | 63.08 | 119.20 | NOTE | |
r-devel-linux-x86_64-debian-gcc | 2.1.6 | 40.87 | 46.72 | 87.59 | NOTE | |
r-devel-linux-x86_64-fedora-clang | 2.1.6 | 165.80 | NOTE | |||
r-devel-linux-x86_64-fedora-gcc | 2.1.6 | 169.26 | NOTE | |||
r-prerel-macos-arm64 | 2.1.6 | 44.00 | NOTE | |||
r-prerel-windows-x86_64 | 2.1.6 | 43.00 | 99.00 | 142.00 | NOTE | |
r-patched-linux-x86_64 | 2.1.6 | 50.05 | 60.24 | 110.29 | NOTE | |
r-release-linux-x86_64 | 2.1.6 | 46.60 | 57.97 | 104.57 | OK | |
r-release-macos-arm64 | 2.1.6 | 48.00 | OK | |||
r-release-macos-x86_64 | 2.1.6 | 86.00 | OK | |||
r-release-windows-x86_64 | 2.1.6 | 53.00 | 111.00 | 164.00 | OK | |
r-oldrel-macos-arm64 | 2.1.6 | 47.00 | OK | |||
r-oldrel-windows-x86_64 | 2.1.6 | 49.00 | 105.00 | 154.00 | OK |
Version: 2.1.6
Check: Rd files
Result: NOTE
checkRd: (-1) readFastq.Rd:62: Lost braces
62 | code{\link{readFasta}}.
| ^
Flavors: r-devel-linux-x86_64-debian-clang, r-devel-linux-x86_64-debian-gcc, r-devel-linux-x86_64-fedora-clang, r-devel-linux-x86_64-fedora-gcc, r-prerel-macos-arm64, r-prerel-windows-x86_64, r-patched-linux-x86_64