Last updated on 2024-04-19 22:55:52 CEST.
Flavor | Version | Tinstall | Tcheck | Ttotal | Status | Flags |
---|---|---|---|---|---|---|
r-devel-linux-x86_64-debian-clang | 3.1.1 | 7.30 | 50.50 | 57.80 | NOTE | |
r-devel-linux-x86_64-debian-gcc | 3.1.1 | NOTE | ||||
r-devel-linux-x86_64-fedora-clang | 3.1.1 | 70.10 | NOTE | |||
r-devel-linux-x86_64-fedora-gcc | 3.1.1 | 67.06 | NOTE | |||
r-prerel-macos-arm64 | 3.1.1 | 34.00 | NOTE | |||
r-prerel-windows-x86_64 | 3.1.1 | 6.00 | 53.00 | 59.00 | NOTE | |
r-patched-linux-x86_64 | 3.1.1 | 6.99 | 47.69 | 54.68 | NOTE | |
r-release-linux-x86_64 | 3.1.1 | 5.76 | 45.77 | 51.53 | NOTE | |
r-release-macos-arm64 | 3.1.1 | 24.00 | NOTE | |||
r-release-macos-x86_64 | 3.1.1 | 39.00 | NOTE | |||
r-release-windows-x86_64 | 3.1.1 | 6.00 | 57.00 | 63.00 | NOTE | |
r-oldrel-macos-arm64 | 3.1.1 | 34.00 | NOTE | |||
r-oldrel-windows-x86_64 | 3.1.1 | 6.00 | 64.00 | 70.00 | NOTE |
Version: 3.1.1
Check: LazyData
Result: NOTE
'LazyData' is specified without a 'data' directory
Flavors: r-devel-linux-x86_64-debian-clang, r-devel-linux-x86_64-debian-gcc, r-devel-linux-x86_64-fedora-clang, r-devel-linux-x86_64-fedora-gcc, r-prerel-macos-arm64, r-prerel-windows-x86_64, r-patched-linux-x86_64, r-release-linux-x86_64, r-release-macos-arm64, r-release-macos-x86_64, r-release-windows-x86_64, r-oldrel-macos-arm64, r-oldrel-windows-x86_64