CRAN Package Check Results for Package mifa

Last updated on 2024-03-01 22:53:42 CET.

Flavor Version Tinstall Tcheck Ttotal Status Flags
r-devel-linux-x86_64-debian-clang 0.2.0 3.01 74.53 77.54 NOTE
r-devel-linux-x86_64-debian-gcc 0.2.0 1.74 56.22 57.96 NOTE
r-devel-linux-x86_64-fedora-clang 0.2.0 91.45 NOTE
r-devel-linux-x86_64-fedora-gcc 0.2.0 88.64 NOTE
r-devel-windows-x86_64 0.2.0 4.00 82.00 86.00 NOTE
r-patched-linux-x86_64 0.2.0 8.45 72.14 80.59 NOTE
r-release-linux-x86_64 0.2.0 2.98 72.11 75.09 NOTE
r-release-macos-arm64 0.2.0 39.00 NOTE
r-release-macos-x86_64 0.2.0 60.00 NOTE
r-release-windows-x86_64 0.2.0 5.00 90.00 95.00 NOTE
r-oldrel-macos-arm64 0.2.0 37.00 NOTE
r-oldrel-windows-x86_64 0.2.0 5.00 91.00 96.00 NOTE

Check Details

Version: 0.2.0
Check: LazyData
Result: NOTE 'LazyData' is specified without a 'data' directory Flavors: r-devel-linux-x86_64-debian-clang, r-devel-linux-x86_64-debian-gcc, r-devel-linux-x86_64-fedora-clang, r-devel-linux-x86_64-fedora-gcc, r-devel-windows-x86_64, r-patched-linux-x86_64, r-release-linux-x86_64, r-release-macos-arm64, r-release-macos-x86_64, r-release-windows-x86_64, r-oldrel-macos-arm64, r-oldrel-windows-x86_64