CRAN Package Check Results for Package milorGWAS

Last updated on 2021-12-06 21:51:19 CET.

Flavor Version Tinstall Tcheck Ttotal Status Flags
r-devel-linux-x86_64-debian-clang 0.3 55.31 98.24 153.55 OK
r-devel-linux-x86_64-debian-gcc 0.3 42.00 76.23 118.23 OK
r-devel-linux-x86_64-fedora-clang 0.3 218.87 NOTE
r-devel-linux-x86_64-fedora-gcc 0.3 191.70 OK
r-devel-windows-x86_64-new-UL 0.3 70.00 154.00 224.00 OK
r-devel-windows-x86_64-new-TK 0.3 OK
r-devel-windows-x86_64-old 0.3 73.00 103.00 176.00 OK
r-patched-linux-x86_64 0.3 53.33 89.68 143.01 OK
r-release-linux-x86_64 0.3 47.83 96.17 144.00 OK
r-release-macos-arm64 0.3 NOTE
r-release-macos-x86_64 0.3 NOTE
r-release-windows-ix86+x86_64 0.3 139.00 154.00 293.00 OK
r-oldrel-macos-x86_64 0.3 NOTE
r-oldrel-windows-ix86+x86_64 0.3 135.00 151.00 286.00 OK

Check Details

Version: 0.3
Check: installed package size
Result: NOTE
     installed size is 6.2Mb
     sub-directories of 1Mb or more:
     libs 5.6Mb
Flavors: r-devel-linux-x86_64-fedora-clang, r-release-macos-arm64, r-release-macos-x86_64, r-oldrel-macos-x86_64