CRAN Package Check Results for Package miniUI

Last updated on 2021-05-16 22:49:57 CEST.

Flavor Version Tinstall Tcheck Ttotal Status Flags
r-devel-linux-x86_64-debian-clang 0.1.1.1 2.21 32.96 35.17 NOTE
r-devel-linux-x86_64-debian-gcc 0.1.1.1 2.19 26.04 28.23 NOTE
r-devel-linux-x86_64-fedora-clang 0.1.1.1 52.36 NOTE
r-devel-linux-x86_64-fedora-gcc 0.1.1.1 42.15 NOTE
r-devel-windows-ix86+x86_64 0.1.1.1 9.00 40.00 49.00 NOTE
r-devel-windows-x86_64-gcc10-UCRT 0.1.1.1 NOTE
r-patched-linux-x86_64 0.1.1.1 7.40 31.99 39.39 NOTE
r-patched-solaris-x86 0.1.1.1 66.10 NOTE
r-release-linux-x86_64 0.1.1.1 3.25 31.74 34.99 OK
r-release-macos-x86_64 0.1.1.1 OK
r-release-windows-ix86+x86_64 0.1.1.1 7.00 41.00 48.00 OK
r-oldrel-macos-x86_64 0.1.1.1 OK
r-oldrel-windows-ix86+x86_64 0.1.1.1 6.00 48.00 54.00 OK

Check Details

Version: 0.1.1.1
Check: LazyData
Result: NOTE
     'LazyData' is specified without a 'data' directory
Flavors: r-devel-linux-x86_64-debian-clang, r-devel-linux-x86_64-debian-gcc, r-devel-linux-x86_64-fedora-clang, r-devel-linux-x86_64-fedora-gcc, r-devel-windows-ix86+x86_64, r-devel-windows-x86_64-gcc10-UCRT, r-patched-linux-x86_64, r-patched-solaris-x86