CRAN Package Check Results for Package mipred

Last updated on 2021-11-30 22:54:36 CET.

Flavor Version Tinstall Tcheck Ttotal Status Flags
r-devel-linux-x86_64-debian-clang 0.0.1 6.43 65.91 72.34 ERROR
r-devel-linux-x86_64-debian-gcc 0.0.1 5.81 53.79 59.60 ERROR
r-devel-linux-x86_64-fedora-clang 0.0.1 97.13 ERROR
r-devel-linux-x86_64-fedora-gcc 0.0.1 88.73 OK
r-devel-windows-x86_64-new-UL 0.0.1 14.00 111.00 125.00 ERROR
r-devel-windows-x86_64-new-TK 0.0.1 OK
r-devel-windows-x86_64-old 0.0.1 12.00 67.00 79.00 ERROR
r-patched-linux-x86_64 0.0.1 10.52 60.92 71.44 ERROR
r-patched-solaris-x86 0.0.1 106.90 ERROR
r-release-linux-x86_64 0.0.1 6.39 60.56 66.95 ERROR
r-release-macos-arm64 0.0.1 OK
r-release-macos-x86_64 0.0.1 OK
r-release-windows-ix86+x86_64 0.0.1 16.00 71.00 87.00 OK
r-oldrel-macos-x86_64 0.0.1 OK
r-oldrel-windows-ix86+x86_64 0.0.1 12.00 67.00 79.00 ERROR

Check Details

Version: 0.0.1
Check: tests
Result: ERROR
     Running 'testthat.R' [3s/4s]
    Running the tests in 'tests/testthat.R' failed.
    Complete output:
     > library(testthat)
     > library(mipred)
     >
     > test_check("mipred")
     NULL
     NULL
     == Skipped tests ===============================================================
     * association tests mipred (1)
     * association tests mipred.cv (1)
     * seeduse tests mipred (1)
     * seeduse tests mipred.cv (1)
    
     == Failed tests ================================================================
     -- Error (test-inputchecking-mipred.R:63:3): argument m in mice.options is ignored --
     <packageNotFoundError/error/condition>
     Error in `loadNamespace(x)`: there is no package called 'nnet'
     Backtrace:
     x
     1. +-testthat::expect_warning(...) test-inputchecking-mipred.R:63:2
     2. | \-testthat:::quasi_capture(enquo(object), label, capture_warnings)
     3. | +-testthat:::.capture(...)
     4. | | \-base::withCallingHandlers(...)
     5. | \-rlang::eval_bare(quo_get_expr(.quo), quo_get_env(.quo))
     6. +-mipred::mipred(...)
     7. | \-mipred:::.glm.mipred.cmb1(...)
     8. | \-mipred:::.impute(...)
     9. | \-mice::mice(...)
     10. | \-mice:::sampler(...)
     11. | \-mice:::sampler.univ(...)
     12. | +-base::do.call(f, args = args)
     13. | \-mice::mice.impute.polyreg(...)
     14. \-base::loadNamespace(x)
     15. \-base::withRestarts(stop(cond), retry_loadNamespace = function() NULL)
     16. \-base:::withOneRestart(expr, restarts[[1L]])
     17. \-base:::doWithOneRestart(return(expr), restart)
     -- Error (test-inputchecking-mipred.cv.R:58:3): argument m in mice.options is ignored --
     <packageNotFoundError/error/condition>
     Error in `loadNamespace(x)`: there is no package called 'nnet'
     Backtrace:
     x
     1. +-testthat::expect_warning(...) test-inputchecking-mipred.cv.R:58:2
     2. | \-testthat:::quasi_capture(enquo(object), label, capture_warnings)
     3. | +-testthat:::.capture(...)
     4. | | \-base::withCallingHandlers(...)
     5. | \-rlang::eval_bare(quo_get_expr(.quo), quo_get_env(.quo))
     6. +-mipred::mipred.cv(...)
     7. | \-mipred:::.glm.mipred.cmb1.cv(...)
     8. | \-mipred:::.impute(...)
     9. | \-mice::mice(...)
     10. | \-mice:::sampler(...)
     11. | \-mice:::sampler.univ(...)
     12. | +-base::do.call(f, args = args)
     13. | \-mice::mice.impute.polyreg(...)
     14. \-base::loadNamespace(x)
     15. \-base::withRestarts(stop(cond), retry_loadNamespace = function() NULL)
     16. \-base:::withOneRestart(expr, restarts[[1L]])
     17. \-base:::doWithOneRestart(return(expr), restart)
    
     [ FAIL 2 | WARN 0 | SKIP 4 | PASS 49 ]
     Error: Test failures
     Execution halted
Flavor: r-devel-linux-x86_64-debian-clang

Version: 0.0.1
Check: tests
Result: ERROR
     Running ‘testthat.R’ [2s/3s]
    Running the tests in ‘tests/testthat.R’ failed.
    Complete output:
     > library(testthat)
     > library(mipred)
     >
     > test_check("mipred")
     NULL
     NULL
     ══ Skipped tests ═══════════════════════════════════════════════════════════════
     • association tests mipred (1)
     • association tests mipred.cv (1)
     • seeduse tests mipred (1)
     • seeduse tests mipred.cv (1)
    
     ══ Failed tests ════════════════════════════════════════════════════════════════
     ── Error (test-inputchecking-mipred.R:63:3): argument m in mice.options is ignored ──
     <packageNotFoundError/error/condition>
     Error in `loadNamespace(x)`: there is no package called 'nnet'
     Backtrace:
     █
     1. ├─testthat::expect_warning(...) test-inputchecking-mipred.R:63:2
     2. │ └─testthat:::quasi_capture(enquo(object), label, capture_warnings)
     3. │ ├─testthat:::.capture(...)
     4. │ │ └─base::withCallingHandlers(...)
     5. │ └─rlang::eval_bare(quo_get_expr(.quo), quo_get_env(.quo))
     6. ├─mipred::mipred(...)
     7. │ └─mipred:::.glm.mipred.cmb1(...)
     8. │ └─mipred:::.impute(...)
     9. │ └─mice::mice(...)
     10. │ └─mice:::sampler(...)
     11. │ └─mice:::sampler.univ(...)
     12. │ ├─base::do.call(f, args = args)
     13. │ └─mice::mice.impute.polyreg(...)
     14. └─base::loadNamespace(x)
     15. └─base::withRestarts(stop(cond), retry_loadNamespace = function() NULL)
     16. └─base:::withOneRestart(expr, restarts[[1L]])
     17. └─base:::doWithOneRestart(return(expr), restart)
     ── Error (test-inputchecking-mipred.cv.R:58:3): argument m in mice.options is ignored ──
     <packageNotFoundError/error/condition>
     Error in `loadNamespace(x)`: there is no package called 'nnet'
     Backtrace:
     █
     1. ├─testthat::expect_warning(...) test-inputchecking-mipred.cv.R:58:2
     2. │ └─testthat:::quasi_capture(enquo(object), label, capture_warnings)
     3. │ ├─testthat:::.capture(...)
     4. │ │ └─base::withCallingHandlers(...)
     5. │ └─rlang::eval_bare(quo_get_expr(.quo), quo_get_env(.quo))
     6. ├─mipred::mipred.cv(...)
     7. │ └─mipred:::.glm.mipred.cmb1.cv(...)
     8. │ └─mipred:::.impute(...)
     9. │ └─mice::mice(...)
     10. │ └─mice:::sampler(...)
     11. │ └─mice:::sampler.univ(...)
     12. │ ├─base::do.call(f, args = args)
     13. │ └─mice::mice.impute.polyreg(...)
     14. └─base::loadNamespace(x)
     15. └─base::withRestarts(stop(cond), retry_loadNamespace = function() NULL)
     16. └─base:::withOneRestart(expr, restarts[[1L]])
     17. └─base:::doWithOneRestart(return(expr), restart)
    
     [ FAIL 2 | WARN 0 | SKIP 4 | PASS 49 ]
     Error: Test failures
     Execution halted
Flavor: r-devel-linux-x86_64-debian-gcc

Version: 0.0.1
Check: tests
Result: ERROR
     Running ‘testthat.R’
    Running the tests in ‘tests/testthat.R’ failed.
    Complete output:
     > library(testthat)
     > library(mipred)
     >
     > test_check("mipred")
     NULL
     NULL
     ══ Skipped tests ═══════════════════════════════════════════════════════════════
     • association tests mipred (1)
     • association tests mipred.cv (1)
     • seeduse tests mipred (1)
     • seeduse tests mipred.cv (1)
    
     ══ Failed tests ════════════════════════════════════════════════════════════════
     ── Error (test-inputchecking-mipred.R:63:3): argument m in mice.options is ignored ──
     <packageNotFoundError/error/condition>
     Error in `loadNamespace(x)`: there is no package called 'nnet'
     Backtrace:
     █
     1. ├─testthat::expect_warning(...) test-inputchecking-mipred.R:63:2
     2. │ └─testthat:::quasi_capture(enquo(object), label, capture_warnings)
     3. │ ├─testthat:::.capture(...)
     4. │ │ └─base::withCallingHandlers(...)
     5. │ └─rlang::eval_bare(quo_get_expr(.quo), quo_get_env(.quo))
     6. ├─mipred::mipred(...)
     7. │ └─mipred:::.glm.mipred.cmb1(...)
     8. │ └─mipred:::.impute(...)
     9. │ └─mice::mice(...)
     10. │ └─mice:::sampler(...)
     11. │ └─mice:::sampler.univ(...)
     12. │ ├─base::do.call(f, args = args)
     13. │ └─mice::mice.impute.polyreg(...)
     14. └─base::loadNamespace(x)
     15. └─base::withRestarts(stop(cond), retry_loadNamespace = function() NULL)
     16. └─base:::withOneRestart(expr, restarts[[1L]])
     17. └─base:::doWithOneRestart(return(expr), restart)
     ── Error (test-inputchecking-mipred.cv.R:58:3): argument m in mice.options is ignored ──
     <packageNotFoundError/error/condition>
     Error in `loadNamespace(x)`: there is no package called 'nnet'
     Backtrace:
     █
     1. ├─testthat::expect_warning(...) test-inputchecking-mipred.cv.R:58:2
     2. │ └─testthat:::quasi_capture(enquo(object), label, capture_warnings)
     3. │ ├─testthat:::.capture(...)
     4. │ │ └─base::withCallingHandlers(...)
     5. │ └─rlang::eval_bare(quo_get_expr(.quo), quo_get_env(.quo))
     6. ├─mipred::mipred.cv(...)
     7. │ └─mipred:::.glm.mipred.cmb1.cv(...)
     8. │ └─mipred:::.impute(...)
     9. │ └─mice::mice(...)
     10. │ └─mice:::sampler(...)
     11. │ └─mice:::sampler.univ(...)
     12. │ ├─base::do.call(f, args = args)
     13. │ └─mice::mice.impute.polyreg(...)
     14. └─base::loadNamespace(x)
     15. └─base::withRestarts(stop(cond), retry_loadNamespace = function() NULL)
     16. └─base:::withOneRestart(expr, restarts[[1L]])
     17. └─base:::doWithOneRestart(return(expr), restart)
    
     [ FAIL 2 | WARN 0 | SKIP 4 | PASS 49 ]
     Error: Test failures
     Execution halted
Flavors: r-devel-linux-x86_64-fedora-clang, r-patched-solaris-x86

Version: 0.0.1
Check: tests
Result: ERROR
     Running 'testthat.R' [4s]
    Running the tests in 'tests/testthat.R' failed.
    Complete output:
     > library(testthat)
     > library(mipred)
     >
     > test_check("mipred")
     NULL
     NULL
     ══ Skipped tests ═══════════════════════════════════════════════════════════════
     • association tests mipred (1)
     • association tests mipred.cv (1)
     • seeduse tests mipred (1)
     • seeduse tests mipred.cv (1)
    
     ══ Failed tests ════════════════════════════════════════════════════════════════
     ── Error (test-inputchecking-mipred.R:63:3): argument m in mice.options is ignored ──
     <packageNotFoundError/error/condition>
     Error in `loadNamespace(x)`: there is no package called 'nnet'
     Backtrace:
     █
     1. ├─testthat::expect_warning(...) test-inputchecking-mipred.R:63:2
     2. │ └─testthat:::quasi_capture(enquo(object), label, capture_warnings)
     3. │ ├─testthat:::.capture(...)
     4. │ │ └─base::withCallingHandlers(...)
     5. │ └─rlang::eval_bare(quo_get_expr(.quo), quo_get_env(.quo))
     6. ├─mipred::mipred(...)
     7. │ └─mipred:::.glm.mipred.cmb1(...)
     8. │ └─mipred:::.impute(...)
     9. │ └─mice::mice(...)
     10. │ └─mice:::sampler(...)
     11. │ └─mice:::sampler.univ(...)
     12. │ ├─base::do.call(f, args = args)
     13. │ └─mice::mice.impute.polyreg(...)
     14. └─base::loadNamespace(x)
     15. └─base::withRestarts(stop(cond), retry_loadNamespace = function() NULL)
     16. └─base:::withOneRestart(expr, restarts[[1L]])
     17. └─base:::doWithOneRestart(return(expr), restart)
     ── Error (test-inputchecking-mipred.cv.R:58:3): argument m in mice.options is ignored ──
     <packageNotFoundError/error/condition>
     Error in `loadNamespace(x)`: there is no package called 'nnet'
     Backtrace:
     █
     1. ├─testthat::expect_warning(...) test-inputchecking-mipred.cv.R:58:2
     2. │ └─testthat:::quasi_capture(enquo(object), label, capture_warnings)
     3. │ ├─testthat:::.capture(...)
     4. │ │ └─base::withCallingHandlers(...)
     5. │ └─rlang::eval_bare(quo_get_expr(.quo), quo_get_env(.quo))
     6. ├─mipred::mipred.cv(...)
     7. │ └─mipred:::.glm.mipred.cmb1.cv(...)
     8. │ └─mipred:::.impute(...)
     9. │ └─mice::mice(...)
     10. │ └─mice:::sampler(...)
     11. │ └─mice:::sampler.univ(...)
     12. │ ├─base::do.call(f, args = args)
     13. │ └─mice::mice.impute.polyreg(...)
     14. └─base::loadNamespace(x)
     15. └─base::withRestarts(stop(cond), retry_loadNamespace = function() NULL)
     16. └─base:::withOneRestart(expr, restarts[[1L]])
     17. └─base:::doWithOneRestart(return(expr), restart)
    
     [ FAIL 2 | WARN 0 | SKIP 4 | PASS 49 ]
     Error: Test failures
     Execution halted
Flavor: r-devel-windows-x86_64-new-UL

Version: 0.0.1
Check: tests
Result: ERROR
     Running 'testthat.R' [3s]
    Running the tests in 'tests/testthat.R' failed.
    Complete output:
     > library(testthat)
     > library(mipred)
     >
     > test_check("mipred")
     NULL
     NULL
     == Skipped tests ===============================================================
     * association tests mipred (1)
     * association tests mipred.cv (1)
     * seeduse tests mipred (1)
     * seeduse tests mipred.cv (1)
    
     == Failed tests ================================================================
     -- Error (test-inputchecking-mipred.R:63:3): argument m in mice.options is ignored --
     <packageNotFoundError/error/condition>
     Error in `loadNamespace(x)`: there is no package called 'nnet'
     Backtrace:
     x
     1. +-testthat::expect_warning(...) test-inputchecking-mipred.R:63:2
     2. | \-testthat:::quasi_capture(enquo(object), label, capture_warnings)
     3. | +-testthat:::.capture(...)
     4. | | \-base::withCallingHandlers(...)
     5. | \-rlang::eval_bare(quo_get_expr(.quo), quo_get_env(.quo))
     6. +-mipred::mipred(...)
     7. | \-mipred:::.glm.mipred.cmb1(...)
     8. | \-mipred:::.impute(...)
     9. | \-mice::mice(...)
     10. | \-mice:::sampler(...)
     11. | \-mice:::sampler.univ(...)
     12. | +-base::do.call(f, args = args)
     13. | \-mice::mice.impute.polyreg(...)
     14. \-base::loadNamespace(x)
     15. \-base::withRestarts(stop(cond), retry_loadNamespace = function() NULL)
     16. \-base:::withOneRestart(expr, restarts[[1L]])
     17. \-base:::doWithOneRestart(return(expr), restart)
     -- Error (test-inputchecking-mipred.cv.R:58:3): argument m in mice.options is ignored --
     <packageNotFoundError/error/condition>
     Error in `loadNamespace(x)`: there is no package called 'nnet'
     Backtrace:
     x
     1. +-testthat::expect_warning(...) test-inputchecking-mipred.cv.R:58:2
     2. | \-testthat:::quasi_capture(enquo(object), label, capture_warnings)
     3. | +-testthat:::.capture(...)
     4. | | \-base::withCallingHandlers(...)
     5. | \-rlang::eval_bare(quo_get_expr(.quo), quo_get_env(.quo))
     6. +-mipred::mipred.cv(...)
     7. | \-mipred:::.glm.mipred.cmb1.cv(...)
     8. | \-mipred:::.impute(...)
     9. | \-mice::mice(...)
     10. | \-mice:::sampler(...)
     11. | \-mice:::sampler.univ(...)
     12. | +-base::do.call(f, args = args)
     13. | \-mice::mice.impute.polyreg(...)
     14. \-base::loadNamespace(x)
     15. \-base::withRestarts(stop(cond), retry_loadNamespace = function() NULL)
     16. \-base:::withOneRestart(expr, restarts[[1L]])
     17. \-base:::doWithOneRestart(return(expr), restart)
    
     [ FAIL 2 | WARN 0 | SKIP 4 | PASS 49 ]
     Error: Test failures
     Execution halted
Flavor: r-devel-windows-x86_64-old

Version: 0.0.1
Check: tests
Result: ERROR
     Running ‘testthat.R’ [3s/3s]
    Running the tests in ‘tests/testthat.R’ failed.
    Complete output:
     > library(testthat)
     > library(mipred)
     >
     > test_check("mipred")
     NULL
     NULL
     ══ Skipped tests ═══════════════════════════════════════════════════════════════
     • association tests mipred (1)
     • association tests mipred.cv (1)
     • seeduse tests mipred (1)
     • seeduse tests mipred.cv (1)
    
     ══ Failed tests ════════════════════════════════════════════════════════════════
     ── Error (test-inputchecking-mipred.R:63:3): argument m in mice.options is ignored ──
     <packageNotFoundError/error/condition>
     Error in `loadNamespace(x)`: there is no package called 'nnet'
     Backtrace:
     █
     1. ├─testthat::expect_warning(...) test-inputchecking-mipred.R:63:2
     2. │ └─testthat:::quasi_capture(enquo(object), label, capture_warnings)
     3. │ ├─testthat:::.capture(...)
     4. │ │ └─base::withCallingHandlers(...)
     5. │ └─rlang::eval_bare(quo_get_expr(.quo), quo_get_env(.quo))
     6. ├─mipred::mipred(...)
     7. │ └─mipred:::.glm.mipred.cmb1(...)
     8. │ └─mipred:::.impute(...)
     9. │ └─mice::mice(...)
     10. │ └─mice:::sampler(...)
     11. │ └─mice:::sampler.univ(...)
     12. │ ├─base::do.call(f, args = args)
     13. │ └─mice::mice.impute.polyreg(...)
     14. └─base::loadNamespace(x)
     15. └─base::withRestarts(stop(cond), retry_loadNamespace = function() NULL)
     16. └─base:::withOneRestart(expr, restarts[[1L]])
     17. └─base:::doWithOneRestart(return(expr), restart)
     ── Error (test-inputchecking-mipred.cv.R:58:3): argument m in mice.options is ignored ──
     <packageNotFoundError/error/condition>
     Error in `loadNamespace(x)`: there is no package called 'nnet'
     Backtrace:
     █
     1. ├─testthat::expect_warning(...) test-inputchecking-mipred.cv.R:58:2
     2. │ └─testthat:::quasi_capture(enquo(object), label, capture_warnings)
     3. │ ├─testthat:::.capture(...)
     4. │ │ └─base::withCallingHandlers(...)
     5. │ └─rlang::eval_bare(quo_get_expr(.quo), quo_get_env(.quo))
     6. ├─mipred::mipred.cv(...)
     7. │ └─mipred:::.glm.mipred.cmb1.cv(...)
     8. │ └─mipred:::.impute(...)
     9. │ └─mice::mice(...)
     10. │ └─mice:::sampler(...)
     11. │ └─mice:::sampler.univ(...)
     12. │ ├─base::do.call(f, args = args)
     13. │ └─mice::mice.impute.polyreg(...)
     14. └─base::loadNamespace(x)
     15. └─base::withRestarts(stop(cond), retry_loadNamespace = function() NULL)
     16. └─base:::withOneRestart(expr, restarts[[1L]])
     17. └─base:::doWithOneRestart(return(expr), restart)
    
     [ FAIL 2 | WARN 0 | SKIP 4 | PASS 49 ]
     Error: Test failures
     Execution halted
Flavors: r-patched-linux-x86_64, r-release-linux-x86_64

Version: 0.0.1
Check: tests
Result: ERROR
     Running 'testthat.R' [3s]
    Running the tests in 'tests/testthat.R' failed.
    Complete output:
     > library(testthat)
     > library(mipred)
     >
     > test_check("mipred")
     NULL
     NULL
     == Skipped tests ===============================================================
     * association tests mipred (1)
     * association tests mipred.cv (1)
     * seeduse tests mipred (1)
     * seeduse tests mipred.cv (1)
    
     == Failed tests ================================================================
     -- Error (test-inputchecking-mipred.R:63:3): argument m in mice.options is ignored --
     <packageNotFoundError/error/condition>
     Error in `loadNamespace(name)`: there is no package called 'nnet'
     Backtrace:
     x
     1. +-testthat::expect_warning(...) test-inputchecking-mipred.R:63:2
     2. | \-testthat:::quasi_capture(enquo(object), label, capture_warnings)
     3. | +-testthat:::.capture(...)
     4. | | \-base::withCallingHandlers(...)
     5. | \-rlang::eval_bare(quo_get_expr(.quo), quo_get_env(.quo))
     6. \-mipred::mipred(...)
     7. \-mipred:::.glm.mipred.cmb1(...)
     8. \-mipred:::.impute(...)
     9. \-mice::mice(...)
     10. \-mice:::sampler(...)
     11. \-mice:::sampler.univ(...)
     12. +-base::do.call(f, args = args)
     13. \-mice::mice.impute.polyreg(...)
     14. \-nnet::multinom
     15. \-base::getExportedValue(pkg, name)
     16. \-base::asNamespace(ns)
     17. \-base::getNamespace(ns)
     18. \-base::loadNamespace(name)
     19. \-base::withRestarts(stop(cond), retry_loadNamespace = function() NULL)
     20. \-base:::withOneRestart(expr, restarts[[1L]])
     21. \-base:::doWithOneRestart(return(expr), restart)
     -- Error (test-inputchecking-mipred.cv.R:58:3): argument m in mice.options is ignored --
     <packageNotFoundError/error/condition>
     Error in `loadNamespace(name)`: there is no package called 'nnet'
     Backtrace:
     x
     1. +-testthat::expect_warning(...) test-inputchecking-mipred.cv.R:58:2
     2. | \-testthat:::quasi_capture(enquo(object), label, capture_warnings)
     3. | +-testthat:::.capture(...)
     4. | | \-base::withCallingHandlers(...)
     5. | \-rlang::eval_bare(quo_get_expr(.quo), quo_get_env(.quo))
     6. \-mipred::mipred.cv(...)
     7. \-mipred:::.glm.mipred.cmb1.cv(...)
     8. \-mipred:::.impute(...)
     9. \-mice::mice(...)
     10. \-mice:::sampler(...)
     11. \-mice:::sampler.univ(...)
     12. +-base::do.call(f, args = args)
     13. \-mice::mice.impute.polyreg(...)
     14. \-nnet::multinom
     15. \-base::getExportedValue(pkg, name)
     16. \-base::asNamespace(ns)
     17. \-base::getNamespace(ns)
     18. \-base::loadNamespace(name)
     19. \-base::withRestarts(stop(cond), retry_loadNamespace = function() NULL)
     20. \-base:::withOneRestart(expr, restarts[[1L]])
     21. \-base:::doWithOneRestart(return(expr), restart)
    
     [ FAIL 2 | WARN 0 | SKIP 4 | PASS 49 ]
     Error: Test failures
     Execution halted
Flavor: r-oldrel-windows-ix86+x86_64