CRAN Package Check Results for Package misclassGLM

Last updated on 2019-07-18 22:53:14 CEST.

Flavor Version Tinstall Tcheck Ttotal Status Flags
r-devel-linux-x86_64-debian-clang 0.2.0 9.90 60.49 70.39 OK
r-devel-linux-x86_64-debian-gcc 0.2.0 7.33 49.08 56.41 OK
r-devel-linux-x86_64-fedora-clang 0.2.0 86.22 NOTE
r-devel-linux-x86_64-fedora-gcc 0.2.0 83.13 NOTE
r-devel-windows-ix86+x86_64 0.2.0 27.00 92.00 119.00 OK
r-patched-linux-x86_64 0.2.0 10.89 60.08 70.97 OK
r-patched-solaris-x86 0.2.0 148.80 OK
r-release-linux-x86_64 0.2.0 10.58 60.98 71.56 OK
r-release-windows-ix86+x86_64 0.2.0 18.00 117.00 135.00 OK
r-release-osx-x86_64 0.2.0 OK
r-oldrel-windows-ix86+x86_64 0.2.0 14.00 128.00 142.00 OK
r-oldrel-osx-x86_64 0.2.0 OK

Check Details

Version: 0.2.0
Check: compiled code
Result: NOTE
    File ‘misclassGLM/libs/misclassGLM.so’:
     Found no calls to: ‘R_registerRoutines’, ‘R_useDynamicSymbols’
    
    It is good practice to register native routines and to disable symbol
    search.
    
    See ‘Writing portable packages’ in the ‘Writing R Extensions’ manual.
Flavors: r-devel-linux-x86_64-fedora-clang, r-devel-linux-x86_64-fedora-gcc