CRAN Package Check Results for Package misclassGLM

Last updated on 2019-10-16 22:56:02 CEST.

Flavor Version Tinstall Tcheck Ttotal Status Flags
r-devel-linux-x86_64-debian-clang 0.2.0 10.68 60.63 71.31 OK
r-devel-linux-x86_64-debian-gcc 0.2.0 8.58 48.39 56.97 OK
r-devel-linux-x86_64-fedora-clang 0.2.0 86.13 NOTE
r-devel-linux-x86_64-fedora-gcc 0.2.0 85.26 NOTE
r-devel-windows-ix86+x86_64 0.2.0 30.00 95.00 125.00 OK
r-patched-linux-x86_64 0.2.0 9.39 59.01 68.40 OK
r-patched-solaris-x86 0.2.0 131.70 OK
r-release-linux-x86_64 0.2.0 8.81 59.35 68.16 OK
r-release-windows-ix86+x86_64 0.2.0 21.00 135.00 156.00 OK
r-release-osx-x86_64 0.2.0 OK
r-oldrel-windows-ix86+x86_64 0.2.0 11.00 84.00 95.00 OK
r-oldrel-osx-x86_64 0.2.0 OK

Check Details

Version: 0.2.0
Check: compiled code
Result: NOTE
    File ‘misclassGLM/libs/misclassGLM.so’:
     Found no calls to: ‘R_registerRoutines’, ‘R_useDynamicSymbols’
    
    It is good practice to register native routines and to disable symbol
    search.
    
    See ‘Writing portable packages’ in the ‘Writing R Extensions’ manual.
Flavors: r-devel-linux-x86_64-fedora-clang, r-devel-linux-x86_64-fedora-gcc