CRAN Package Check Results for Package miselect

Last updated on 2024-03-01 22:53:42 CET.

Flavor Version Tinstall Tcheck Ttotal Status Flags
r-devel-linux-x86_64-debian-clang 0.9.0 3.78 274.19 277.97 NOTE
r-devel-linux-x86_64-debian-gcc 0.9.0 2.77 197.00 199.77 NOTE
r-devel-linux-x86_64-fedora-clang 0.9.0 327.16 NOTE
r-devel-linux-x86_64-fedora-gcc 0.9.0 337.85 NOTE
r-devel-windows-x86_64 0.9.0 4.00 279.00 283.00 OK
r-patched-linux-x86_64 0.9.0 3.45 268.51 271.96 OK
r-release-linux-x86_64 0.9.0 3.16 264.13 267.29 OK
r-release-macos-arm64 0.9.0 122.00 OK
r-release-macos-x86_64 0.9.0 203.00 OK
r-release-windows-x86_64 0.9.0 5.00 266.00 271.00 OK
r-oldrel-macos-arm64 0.9.0 111.00 OK
r-oldrel-windows-x86_64 0.9.0 6.00 269.00 275.00 OK

Check Details

Version: 0.9.0
Check: Rd files
Result: NOTE checkRd: (-1) cv.galasso.Rd:47: Lost braces 47 | of \code{nlambda} and code{lambda.min.ratio}. Default is NULL} | ^ checkRd: (-1) cv.saenet.Rd:55: Lost braces 55 | of \code{nlambda} and code{lambda.min.ratio}. Default is NULL} | ^ checkRd: (-1) galasso.Rd:45: Lost braces 45 | of \code{nlambda} and code{lambda.min.ratio}. Default is NULL} | ^ checkRd: (-1) saenet.Rd:53: Lost braces 53 | of \code{nlambda} and code{lambda.min.ratio}. Default is NULL} | ^ Flavors: r-devel-linux-x86_64-debian-clang, r-devel-linux-x86_64-debian-gcc, r-devel-linux-x86_64-fedora-clang, r-devel-linux-x86_64-fedora-gcc