CRAN Package Check Results for Package missMDA

Last updated on 2020-02-17 22:49:38 CET.

Flavor Version Tinstall Tcheck Ttotal Status Flags
r-devel-linux-x86_64-debian-clang 1.16 0.44 2.45 2.89 ERROR
r-devel-linux-x86_64-debian-gcc 1.16 13.98 85.14 99.12 OK
r-devel-linux-x86_64-fedora-clang 1.16 154.08 OK
r-devel-linux-x86_64-fedora-gcc 1.16 151.11 OK
r-devel-windows-ix86+x86_64 1.16 33.00 118.00 151.00 OK
r-devel-windows-ix86+x86_64-gcc8 1.16 53.00 167.00 220.00 OK
r-patched-linux-x86_64 1.16 13.87 96.44 110.31 OK
r-patched-solaris-x86 1.16 200.70 OK
r-release-linux-x86_64 1.16 15.32 94.57 109.89 OK
r-release-windows-ix86+x86_64 1.16 29.00 100.00 129.00 OK
r-release-osx-x86_64 1.16 OK
r-oldrel-windows-ix86+x86_64 1.16 22.00 110.00 132.00 OK
r-oldrel-osx-x86_64 1.16 OK

Check Details

Version: 1.16
Check: package dependencies
Result: ERROR
    Package required but not available: 'FactoMineR'
    
    See section 'The DESCRIPTION file' in the 'Writing R Extensions'
    manual.
Flavor: r-devel-linux-x86_64-debian-clang