CRAN Package Check Results for Package missMethods

Last updated on 2021-12-03 22:57:46 CET.

Flavor Version Tinstall Tcheck Ttotal Status Flags
r-devel-linux-x86_64-debian-clang 0.2.0 4.19 53.71 57.90 NOTE
r-devel-linux-x86_64-debian-gcc 0.2.0 2.90 41.14 44.04 NOTE
r-devel-linux-x86_64-fedora-clang 0.2.0 80.11 NOTE
r-devel-linux-x86_64-fedora-gcc 0.2.0 73.86 NOTE
r-devel-windows-x86_64-new-UL 0.2.0 11.00 101.00 112.00 NOTE
r-devel-windows-x86_64-new-TK 0.2.0 NOTE
r-devel-windows-x86_64-old 0.2.0 10.00 56.00 66.00 NOTE
r-patched-linux-x86_64 0.2.0 3.71 50.86 54.57 NOTE
r-release-linux-x86_64 0.2.0 3.85 50.54 54.39 NOTE
r-release-macos-arm64 0.2.0 NOTE
r-release-macos-x86_64 0.2.0 NOTE
r-release-windows-ix86+x86_64 0.2.0 8.00 75.00 83.00 NOTE
r-oldrel-macos-x86_64 0.2.0 OK
r-oldrel-windows-ix86+x86_64 0.2.0 8.00 73.00 81.00 OK

Check Details

Version: 0.2.0
Check: LazyData
Result: NOTE
     'LazyData' is specified without a 'data' directory
Flavors: r-devel-linux-x86_64-debian-clang, r-devel-linux-x86_64-debian-gcc, r-devel-linux-x86_64-fedora-clang, r-devel-linux-x86_64-fedora-gcc, r-devel-windows-x86_64-new-UL, r-devel-windows-x86_64-new-TK, r-devel-windows-x86_64-old, r-patched-linux-x86_64, r-release-linux-x86_64, r-release-macos-arm64, r-release-macos-x86_64, r-release-windows-ix86+x86_64