CRAN Package Check Results for Package missingHE

Last updated on 2021-05-14 23:50:52 CEST.

Flavor Version Tinstall Tcheck Ttotal Status Flags
r-devel-linux-x86_64-debian-clang 1.4.1 20.84 328.71 349.55 OK
r-devel-linux-x86_64-debian-gcc 1.4.1 17.56 240.06 257.62 OK
r-devel-linux-x86_64-fedora-clang 1.4.1 435.42 NOTE
r-devel-linux-x86_64-fedora-gcc 1.4.1 441.00 NOTE
r-devel-windows-ix86+x86_64 1.4.1 40.00 282.00 322.00 OK
r-devel-windows-x86_64-gcc10-UCRT 1.4.1 NOTE
r-patched-linux-x86_64 1.4.1 28.56 321.22 349.78 OK
r-patched-solaris-x86 1.4.1 585.70 NOTE
r-release-linux-x86_64 1.4.1 22.00 310.69 332.69 OK
r-release-macos-x86_64 1.4.1 NOTE
r-release-windows-ix86+x86_64 1.4.1 27.00 376.00 403.00 OK
r-oldrel-macos-x86_64 1.4.1 NOTE
r-oldrel-windows-ix86+x86_64 1.4.1 37.00 375.00 412.00 OK

Check Details

Version: 1.4.1
Check: dependencies in R code
Result: NOTE
    Namespace in Imports field not imported from: ‘mcmcr’
     All declared Imports should be used.
Flavors: r-devel-linux-x86_64-fedora-clang, r-devel-linux-x86_64-fedora-gcc, r-devel-windows-x86_64-gcc10-UCRT, r-patched-solaris-x86, r-release-macos-x86_64, r-oldrel-macos-x86_64