CRAN Package Check Results for Package missingHE

Last updated on 2021-12-01 22:53:17 CET.

Flavor Version Tinstall Tcheck Ttotal Status Flags
r-devel-linux-x86_64-debian-clang 1.4.1 20.10 330.49 350.59 OK
r-devel-linux-x86_64-debian-gcc 1.4.1 16.20 240.64 256.84 OK
r-devel-linux-x86_64-fedora-clang 1.4.1 409.23 NOTE
r-devel-linux-x86_64-fedora-gcc 1.4.1 418.52 NOTE
r-devel-windows-x86_64-new-UL 1.4.1 38.00 394.00 432.00 OK
r-devel-windows-x86_64-new-TK 1.4.1 NOTE
r-devel-windows-x86_64-old 1.4.1 30.00 268.00 298.00 OK
r-patched-linux-x86_64 1.4.1 25.93 311.16 337.09 OK
r-patched-solaris-x86 1.4.1 226.30 NOTE
r-release-linux-x86_64 1.4.1 20.85 318.93 339.78 OK
r-release-macos-arm64 1.4.1 NOTE
r-release-macos-x86_64 1.4.1 NOTE
r-release-windows-ix86+x86_64 1.4.1 36.00 390.00 426.00 OK
r-oldrel-macos-x86_64 1.4.1 NOTE
r-oldrel-windows-ix86+x86_64 1.4.1 39.00 378.00 417.00 OK

Check Details

Version: 1.4.1
Check: dependencies in R code
Result: NOTE
    Namespace in Imports field not imported from: ‘mcmcr’
     All declared Imports should be used.
Flavors: r-devel-linux-x86_64-fedora-clang, r-devel-linux-x86_64-fedora-gcc, r-devel-windows-x86_64-new-TK, r-patched-solaris-x86, r-release-macos-arm64, r-release-macos-x86_64, r-oldrel-macos-x86_64