CRAN Package Check Results for Package mistat

Last updated on 2021-05-16 22:49:57 CEST.

Flavor Version Tinstall Tcheck Ttotal Status Flags
r-devel-linux-x86_64-debian-clang 2.0.3 4.94 67.30 72.24 OK
r-devel-linux-x86_64-debian-gcc 2.0.3 3.40 51.60 55.00 OK
r-devel-linux-x86_64-fedora-clang 2.0.3 94.46 NOTE
r-devel-linux-x86_64-fedora-gcc 2.0.3 86.85 NOTE
r-devel-windows-ix86+x86_64 2.0.3 10.00 84.00 94.00 OK
r-devel-windows-x86_64-gcc10-UCRT 2.0.3 NOTE
r-patched-linux-x86_64 2.0.3 5.30 66.50 71.80 OK
r-patched-solaris-x86 2.0.3 126.10 NOTE
r-release-linux-x86_64 2.0.3 3.99 65.75 69.74 OK
r-release-macos-x86_64 2.0.3 NOTE
r-release-windows-ix86+x86_64 2.0.3 8.00 81.00 89.00 OK
r-oldrel-macos-x86_64 2.0.3 NOTE
r-oldrel-windows-ix86+x86_64 2.0.3 6.00 107.00 113.00 OK

Check Details

Version: 2.0.3
Check: dependencies in R code
Result: NOTE
    Namespace in Imports field not imported from: ‘grDevices’
     All declared Imports should be used.
Flavors: r-devel-linux-x86_64-fedora-clang, r-devel-linux-x86_64-fedora-gcc, r-devel-windows-x86_64-gcc10-UCRT, r-patched-solaris-x86, r-release-macos-x86_64, r-oldrel-macos-x86_64