CRAN Package Check Results for Package mistral

Last updated on 2021-07-29 00:49:15 CEST.

Flavor Version Tinstall Tcheck Ttotal Status Flags
r-devel-linux-x86_64-debian-clang 2.2.1 OK
r-devel-linux-x86_64-debian-gcc 2.2.1 25.30 355.63 380.93 OK
r-devel-linux-x86_64-fedora-clang 2.2.1 576.43 OK
r-devel-linux-x86_64-fedora-gcc 2.2.1 593.46 OK
r-devel-windows-x86_64 2.2.1 35.00 610.00 645.00 OK
r-devel-windows-x86_64-gcc10-UCRT 2.2.1 OK
r-patched-linux-x86_64 2.2.1 36.47 444.49 480.96 OK
r-patched-solaris-x86 2.2.1 780.00 OK
r-release-linux-x86_64 2.2.1 33.18 477.05 510.23 OK
r-release-macos-arm64 2.2.1 WARN
r-release-macos-x86_64 2.2.1 OK
r-release-windows-ix86+x86_64 2.2.1 73.00 764.00 837.00 OK
r-oldrel-macos-x86_64 2.2.1 OK
r-oldrel-windows-ix86+x86_64 2.2.1 57.00 554.00 611.00 OK

Check Details

Version: 2.2.1
Check: re-building of vignette outputs
Result: WARN
    Error(s) in re-building vignettes:
     ...
    --- re-building ‘mistral-vignette.Rmd’ using rmarkdown
    Warning in engine$weave(file, quiet = quiet, encoding = enc) :
     Pandoc (>= 1.12.3) not available. Falling back to R Markdown v1.
    Quitting from lines 252-255 (mistral-vignette.Rmd)
    Error: processing vignette 'mistral-vignette.Rmd' failed with diagnostics:
    polygon edge not found
    --- failed re-building ‘mistral-vignette.Rmd’
    
    SUMMARY: processing the following file failed:
     ‘mistral-vignette.Rmd’
    
    Error: Vignette re-building failed.
    Execution halted
Flavor: r-release-macos-arm64